CRAN Package Check Results for Package rsparkling

Last updated on 2017-08-17 03:49:18.

Flavor Version Tinstall Tcheck Ttotal Status Flags
r-devel-linux-x86_64-debian-clang 0.2.1 2.48 30.24 32.72 OK
r-devel-linux-x86_64-debian-gcc 0.2.1 2.43 29.68 32.11 OK
r-devel-linux-x86_64-fedora-clang 0.2.1 64.94 OK
r-devel-linux-x86_64-fedora-gcc 0.2.1 58.04 OK
r-devel-windows-ix86+x86_64 0.2.1 2.00 4.00 6.00 ERROR
r-patched-linux-x86_64 0.2.1 2.61 29.88 32.49 OK
r-patched-solaris-x86 0.2.1 88.50 OK
r-release-linux-x86_64 0.2.1 2.52 29.52 32.04 OK
r-release-windows-ix86+x86_64 0.2.1 8.00 63.00 71.00 OK
r-release-osx-x86_64 0.2.1 OK
r-oldrel-windows-ix86+x86_64 0.2.1 4.00 4.00 8.00 ERROR
r-oldrel-osx-x86_64 0.2.1 OK

Check Details

Version: 0.2.1
Check: whether package can be installed
Result: ERROR
    Installation failed.
Flavors: r-devel-windows-ix86+x86_64, r-oldrel-windows-ix86+x86_64