CRAN Package Check Results for Package rsparkling

Last updated on 2021-06-21 14:51:53 CEST.

Flavor Version Tinstall Tcheck Ttotal Status Flags
r-devel-linux-x86_64-debian-clang 0.2.19 6.74 41.35 48.09 NOTE
r-devel-linux-x86_64-debian-gcc 0.2.19 5.04 31.40 36.44 NOTE
r-devel-linux-x86_64-fedora-clang 0.2.19 67.40 NOTE
r-devel-linux-x86_64-fedora-gcc 0.2.19 53.85 NOTE
r-devel-windows-x86_64 0.2.19 10.00 49.00 59.00 NOTE
r-devel-windows-x86_64-gcc10-UCRT 0.2.19 ERROR
r-patched-linux-x86_64 0.2.19 5.66 38.96 44.62 NOTE
r-patched-solaris-x86 0.2.19 80.50 NOTE
r-release-linux-x86_64 0.2.19 5.45 38.87 44.32 NOTE
r-release-macos-arm64 0.2.19 NOTE
r-release-macos-x86_64 0.2.19 NOTE
r-release-windows-ix86+x86_64 0.2.19 15.00 57.00 72.00 NOTE
r-oldrel-macos-x86_64 0.2.19 NOTE

Check Details

Version: 0.2.19
Check: LazyData
Result: NOTE
     'LazyData' is specified without a 'data' directory
Flavors: r-devel-linux-x86_64-debian-clang, r-devel-linux-x86_64-debian-gcc, r-devel-linux-x86_64-fedora-clang, r-devel-linux-x86_64-fedora-gcc, r-devel-windows-x86_64, r-patched-linux-x86_64, r-patched-solaris-x86, r-release-linux-x86_64, r-release-macos-arm64, r-release-macos-x86_64, r-release-windows-ix86+x86_64

Version: 0.2.19
Check: dependencies in R code
Result: NOTE
    Namespace in Imports field not imported from: ‘h2o’
     All declared Imports should be used.
Flavors: r-devel-linux-x86_64-fedora-clang, r-devel-linux-x86_64-fedora-gcc, r-patched-solaris-x86, r-release-macos-arm64, r-release-macos-x86_64, r-oldrel-macos-x86_64

Version: 0.2.19
Check: package dependencies
Result: ERROR
    Package required but not available: 'sparklyr'
    
    See section 'The DESCRIPTION file' in the 'Writing R Extensions'
    manual.
Flavor: r-devel-windows-x86_64-gcc10-UCRT