CRAN Package Check Results for Package rsqliteadmin

Last updated on 2021-09-19 03:51:29 CEST.

Flavor Version Tinstall Tcheck Ttotal Status Flags
r-devel-linux-x86_64-debian-clang 1.0.1 18.81 132.70 151.51 OK
r-devel-linux-x86_64-debian-gcc 1.0.1 14.48 98.01 112.49 OK
r-devel-linux-x86_64-fedora-clang 1.0.1 184.99 OK
r-devel-linux-x86_64-fedora-gcc 1.0.1 173.64 OK
r-devel-windows-x86_64 1.0.1 21.00 167.00 188.00 OK
r-devel-windows-x86_64-gcc10-UCRT 1.0.1 ERROR
r-patched-linux-x86_64 1.0.1 19.03 126.98 146.01 OK
r-patched-solaris-x86 1.0.1 242.90 OK
r-release-linux-x86_64 1.0.1 15.15 125.18 140.33 OK
r-release-macos-arm64 1.0.1 OK
r-release-macos-x86_64 1.0.1 OK
r-release-windows-ix86+x86_64 1.0.1 42.00 121.00 163.00 OK
r-oldrel-macos-x86_64 1.0.1 OK
r-oldrel-windows-ix86+x86_64 1.0.1 45.00 111.00 156.00 OK

Check Details

Version: 1.0.1
Check: whether package can be installed
Result: WARN
    Found the following significant warnings:
     WARNING: installation-time patches will not be applied, could not get the patches index
Flavor: r-devel-windows-x86_64-gcc10-UCRT

Version: 1.0.1
Check: PDF version of manual
Result: WARN
    LaTeX errors when creating PDF version.
    This typically indicates Rd problems.
Flavor: r-devel-windows-x86_64-gcc10-UCRT

Version: 1.0.1
Check: PDF version of manual without hyperrefs or index
Result: ERROR
    Re-running with no redirection of stdout/stderr.
Flavor: r-devel-windows-x86_64-gcc10-UCRT