CRAN Package Check Results for Package rstack

Last updated on 2021-10-25 10:54:35 CEST.

Flavor Version Tinstall Tcheck Ttotal Status Flags
r-devel-linux-x86_64-debian-clang 1.0.0 2.77 20.79 23.56 NOTE
r-devel-linux-x86_64-debian-gcc 1.0.0 2.24 16.51 18.75 NOTE
r-devel-linux-x86_64-fedora-clang 1.0.0 39.47 NOTE
r-devel-linux-x86_64-fedora-gcc 1.0.0 29.15 NOTE
r-devel-windows-x86_64 1.0.0 4.00 31.00 35.00 NOTE
r-devel-windows-x86_64-gcc10-UCRT 1.0.0 NOTE
r-patched-linux-x86_64 1.0.0 2.43 20.26 22.69 NOTE
r-patched-solaris-x86 1.0.0 46.10 NOTE
r-release-linux-x86_64 1.0.0 2.60 20.29 22.89 NOTE
r-release-macos-arm64 1.0.0 NOTE
r-release-macos-x86_64 1.0.0 NOTE
r-release-windows-ix86+x86_64 1.0.0 3.00 48.00 51.00 NOTE
r-oldrel-macos-x86_64 1.0.0 OK
r-oldrel-windows-ix86+x86_64 1.0.0 6.00 48.00 54.00 OK

Check Details

Version: 1.0.0
Check: LazyData
Result: NOTE
     'LazyData' is specified without a 'data' directory
Flavors: r-devel-linux-x86_64-debian-clang, r-devel-linux-x86_64-debian-gcc, r-devel-linux-x86_64-fedora-clang, r-devel-linux-x86_64-fedora-gcc, r-devel-windows-x86_64, r-devel-windows-x86_64-gcc10-UCRT, r-patched-linux-x86_64, r-patched-solaris-x86, r-release-linux-x86_64, r-release-macos-arm64, r-release-macos-x86_64, r-release-windows-ix86+x86_64