CRAN Package Check Results for Package rstan

Last updated on 2018-04-25 23:54:59 CEST.

Flavor Version Tinstall Tcheck Ttotal Status Flags
r-devel-linux-x86_64-debian-clang 2.17.3 472.15 277.75 749.90 OK
r-devel-linux-x86_64-debian-gcc 2.17.3 530.19 251.50 781.69 OK
r-devel-linux-x86_64-fedora-clang 2.17.3 1060.89 NOTE
r-devel-linux-x86_64-fedora-gcc 2.17.3 1389.03 NOTE
r-devel-windows-ix86+x86_64 2.17.3 1537.00 346.00 1883.00 NOTE
r-patched-linux-x86_64 2.17.3 617.17 325.63 942.80 OK
r-patched-solaris-x86 2.17.3 1256.90 NOTE
r-release-linux-x86_64 2.17.3 614.89 329.08 943.97 OK
r-release-windows-ix86+x86_64 2.17.3 1537.00 346.00 1883.00 NOTE
r-release-osx-x86_64 2.17.3 FAIL
r-oldrel-windows-ix86+x86_64 2.17.3 1091.00 429.00 1520.00 NOTE
r-oldrel-osx-x86_64 2.17.3 NOTE

Check Details

Version: 2.17.3
Check: installed package size
Result: NOTE
     installed size is 293.7Mb
     sub-directories of 1Mb or more:
     libs 291.1Mb
Flavors: r-devel-linux-x86_64-fedora-clang, r-devel-linux-x86_64-fedora-gcc, r-devel-windows-ix86+x86_64, r-patched-solaris-x86, r-release-windows-ix86+x86_64, r-release-osx-x86_64, r-oldrel-windows-ix86+x86_64, r-oldrel-osx-x86_64

Version: 2.17.3
Check: re-building of vignette outputs
Result: WARN
    Error in re-building vignettes:
     ...
     ^
    In file included from filede9fca7e66c.cpp:8:
    In file included from /Volumes/SSD-Data/Builds/R-dev-web/QA/Simon/packages/el-capitan-x86_64/Rlib/3.5/StanHeaders/include/stan/math.hpp:4:
    In file included from /Volumes/SSD-Data/Builds/R-dev-web/QA/Simon/packages/el-capitan-x86_64/Rlib/3.5/StanHeaders/include/stan/math/rev/mat.hpp:4:
    In file included from /Volumes/SSD-Data/Builds/R-dev-web/QA/Simon/packages/el-capitan-x86_64/Rlib/3.5/StanHeaders/include/stan/math/rev/core.hpp:44:
    /Volumes/SSD-Data/Builds/R-dev-web/QA/Simon/packages/el-capitan-x86_64/Rlib/3.5/StanHeaders/include/stan/math/rev/core/set_zero_all_adjoints.hpp:14:17: warning: unused function 'set_zero_all_adjoints' [-Wunused-function]
     static void set_zero_all_adjoints() {
     ^
    In file included from filede9fca7e66c.cpp:8:
    In file included from /Volumes/SSD-Data/Builds/R-dev-web/QA/Simon/packages/el-capitan-x86_64/Rlib/3.5/StanHeaders/include/stan/math.hpp:4:
    In file included from /Volumes/SSD-Data/Builds/R-dev-web/QA/Simon/packages/el-capitan-x86_64/Rlib/3.5/StanHeaders/include/stan/math/rev/mat.hpp:4:
    In file included from /Volumes/SSD-Data/Builds/R-dev-web/QA/Simon/packages/el-capitan-x86_64/Rlib/3.5/StanHeaders/include/stan/math/rev/core.hpp:45:
    /Volumes/SSD-Data/Builds/R-dev-web/QA/Simon/packages/el-capitan-x86_64/Rlib/3.5/StanHeaders/include/stan/math/rev/core/set_zero_all_adjoints_nested.hpp:17:17: warning: 'static' function 'set_zero_all_adjoints_nested' declared in header file should be declared 'static inline' [-Wunneeded-internal-declaration]
     static void set_zero_all_adjoints_nested() {
     ^
    In file included from filede9fca7e66c.cpp:8:
    In file included from /Volumes/SSD-Data/Builds/R-dev-web/QA/Simon/packages/el-capitan-x86_64/Rlib/3.5/StanHeaders/include/stan/math.hpp:4:
    In file included from /Volumes/SSD-Data/Builds/R-dev-web/QA/Simon/packages/el-capitan-x86_64/Rlib/3.5/StanHeaders/include/stan/math/rev/mat.hpp:12:
    In file included from /Volumes/SSD-Data/Builds/R-dev-web/QA/Simon/packages/el-capitan-x86_64/Rlib/3.5/StanHeaders/include/stan/math/prim/mat.hpp:58:
    /Volumes/SSD-Data/Builds/R-dev-web/QA/Simon/packages/el-capitan-x86_64/Rlib/3.5/StanHeaders/include/stan/math/prim/mat/fun/autocorrelation.hpp:17:14: warning: function 'fft_next_good_size' is not needed and will not be emitted [-Wunneeded-internal-declaration]
     size_t fft_next_good_size(size_t N) {
     ^
    22 warnings generated.
    
    Execution halted
Flavor: r-release-osx-x86_64

Version: 2.17.3
Check: PDF version of manual
Result: FAIL
    
Flavor: r-release-osx-x86_64