CRAN Package Check Results for Package rstan

Last updated on 2017-10-21 02:48:56.

Flavor Version Tinstall Tcheck Ttotal Status Flags
r-devel-linux-x86_64-debian-clang 2.16.2 313.40 193.20 506.60 OK
r-devel-linux-x86_64-debian-gcc 2.16.2 519.68 218.49 738.18 OK
r-devel-linux-x86_64-fedora-clang 2.16.2 979.41 NOTE
r-devel-linux-x86_64-fedora-gcc 2.16.2 1371.29 NOTE
r-devel-windows-ix86+x86_64 2.16.2 1065.00 340.00 1405.00 NOTE
r-patched-linux-x86_64 2.16.2 519.32 207.52 726.84 OK
r-patched-solaris-x86 2.16.2 1239.50 NOTE
r-release-linux-x86_64 2.16.2 513.08 208.58 721.67 OK
r-release-windows-ix86+x86_64 2.16.2 1555.00 413.00 1968.00 NOTE
r-release-osx-x86_64 2.16.2 NOTE
r-oldrel-windows-ix86+x86_64 2.16.2 1134.00 410.00 1544.00 NOTE
r-oldrel-osx-x86_64 2.16.2 NOTE

Additional issues

gcc-UBSAN

Check Details

Version: 2.16.2
Check: installed package size
Result: NOTE
     installed size is 255.9Mb
     sub-directories of 1Mb or more:
     libs 253.6Mb
Flavors: r-devel-linux-x86_64-fedora-clang, r-devel-linux-x86_64-fedora-gcc, r-devel-windows-ix86+x86_64, r-patched-solaris-x86, r-release-windows-ix86+x86_64, r-release-osx-x86_64, r-oldrel-windows-ix86+x86_64, r-oldrel-osx-x86_64