CRAN Package Check Results for Package rstan

Last updated on 2017-12-12 04:48:10 CET.

Flavor Version Tinstall Tcheck Ttotal Status Flags
r-devel-linux-x86_64-debian-clang 2.16.2 420.20 277.99 698.19 OK
r-devel-linux-x86_64-debian-gcc 2.16.2 571.52 263.22 834.74 OK
r-devel-linux-x86_64-fedora-clang 2.16.2 997.82 NOTE
r-devel-linux-x86_64-fedora-gcc 2.16.2 1348.20 NOTE
r-devel-windows-ix86+x86_64 2.16.2 1459.00 365.00 1824.00 NOTE
r-patched-linux-x86_64 2.16.2 674.35 344.50 1018.85 OK
r-patched-solaris-x86 2.16.2 1226.50 NOTE
r-release-linux-x86_64 2.16.2 676.87 346.44 1023.31 OK
r-release-windows-ix86+x86_64 2.16.2 1141.00 364.00 1505.00 NOTE
r-release-osx-x86_64 2.16.2 NOTE
r-oldrel-windows-ix86+x86_64 2.16.2 1455.00 399.00 1854.00 NOTE
r-oldrel-osx-x86_64 2.16.2 NOTE

Additional issues

gcc-UBSAN

Check Details

Version: 2.16.2
Check: installed package size
Result: NOTE
     installed size is 255.9Mb
     sub-directories of 1Mb or more:
     libs 253.6Mb
Flavors: r-devel-linux-x86_64-fedora-clang, r-devel-linux-x86_64-fedora-gcc, r-devel-windows-ix86+x86_64, r-patched-solaris-x86, r-release-windows-ix86+x86_64, r-release-osx-x86_64, r-oldrel-windows-ix86+x86_64, r-oldrel-osx-x86_64