CRAN Package Check Results for Package rstan

Last updated on 2017-08-18 08:47:39.

Flavor Version Tinstall Tcheck Ttotal Status Flags
r-devel-linux-x86_64-debian-clang 2.16.2 312.36 196.29 508.65 OK
r-devel-linux-x86_64-debian-gcc 2.16.2 493.45 212.34 705.79 OK
r-devel-linux-x86_64-fedora-clang 2.16.2 995.68 NOTE
r-devel-linux-x86_64-fedora-gcc 2.16.2 1424.32 NOTE
r-devel-windows-ix86+x86_64 2.16.2 1056.00 300.00 1356.00 NOTE
r-patched-linux-x86_64 2.16.2 510.55 208.78 719.33 OK
r-patched-solaris-x86 2.16.2 1219.30 NOTE
r-release-linux-x86_64 2.16.2 513.22 205.35 718.57 OK
r-release-windows-ix86+x86_64 2.16.2 1458.00 312.00 1770.00 NOTE
r-release-osx-x86_64 2.16.2 NOTE
r-oldrel-windows-ix86+x86_64 2.16.2 1026.00 295.00 1321.00 NOTE
r-oldrel-osx-x86_64 2.16.2 NOTE

Check Details

Version: 2.16.2
Check: installed package size
Result: NOTE
     installed size is 255.8Mb
     sub-directories of 1Mb or more:
     libs 253.4Mb
Flavors: r-devel-linux-x86_64-fedora-clang, r-devel-linux-x86_64-fedora-gcc, r-devel-windows-ix86+x86_64, r-patched-solaris-x86, r-release-windows-ix86+x86_64, r-release-osx-x86_64, r-oldrel-windows-ix86+x86_64, r-oldrel-osx-x86_64