CRAN Package Check Results for Package rstan

Last updated on 2018-02-19 00:47:27 CET.

Flavor Version Tinstall Tcheck Ttotal Status Flags
r-devel-linux-x86_64-debian-clang 2.17.3 471.51 278.49 750.00 OK
r-devel-linux-x86_64-debian-gcc 2.17.3 591.79 240.18 831.97 OK
r-devel-linux-x86_64-fedora-clang 2.17.3 1047.23 NOTE
r-devel-linux-x86_64-fedora-gcc 2.17.3 1372.56 NOTE
r-devel-windows-ix86+x86_64 2.17.3 1044.00 307.00 1351.00 NOTE
r-patched-linux-x86_64 2.17.3 656.65 333.02 989.67 OK
r-patched-solaris-x86 2.17.3 1248.00 NOTE
r-release-linux-x86_64 2.17.3 671.06 331.39 1002.45 OK
r-release-windows-ix86+x86_64 2.17.3 1517.00 434.00 1951.00 NOTE
r-release-osx-x86_64 2.17.3 NOTE
r-oldrel-windows-ix86+x86_64 2.17.3 1116.00 306.00 1422.00 NOTE
r-oldrel-osx-x86_64 2.17.2 NOTE

Additional issues

gcc-UBSAN

Check Details

Version: 2.17.3
Check: installed package size
Result: NOTE
     installed size is 293.7Mb
     sub-directories of 1Mb or more:
     libs 291.1Mb
Flavors: r-devel-linux-x86_64-fedora-clang, r-devel-linux-x86_64-fedora-gcc, r-devel-windows-ix86+x86_64, r-patched-solaris-x86, r-release-windows-ix86+x86_64, r-release-osx-x86_64, r-oldrel-windows-ix86+x86_64

Version: 2.17.2
Check: installed package size
Result: NOTE
     installed size is 282.5Mb
     sub-directories of 1Mb or more:
     libs 280.3Mb
Flavor: r-oldrel-osx-x86_64