CRAN Package Check Results for Package rstan

Last updated on 2021-01-26 22:55:26 CET.

Flavor Version Tinstall Tcheck Ttotal Status Flags
r-devel-linux-x86_64-debian-clang 2.21.2 822.49 470.78 1293.27 NOTE
r-devel-linux-x86_64-debian-gcc 2.21.2 741.17 353.09 1094.26 NOTE
r-devel-linux-x86_64-fedora-clang 2.21.2 1155.79 NOTE
r-devel-linux-x86_64-fedora-gcc 2.21.2 1302.04 NOTE
r-devel-windows-ix86+x86_64 2.21.2 2.00 6.00 8.00 ERROR
r-patched-linux-x86_64 2.21.2 839.68 449.09 1288.77 NOTE
r-patched-solaris-x86 2.21.2 1546.70 NOTE
r-release-linux-x86_64 2.21.2 839.95 454.37 1294.32 NOTE
r-release-macos-x86_64 2.21.2 NOTE
r-release-windows-ix86+x86_64 2.21.2 1899.00 539.00 2438.00 NOTE
r-oldrel-macos-x86_64 2.21.2 NOTE
r-oldrel-windows-ix86+x86_64 2.21.2 1685.00 543.00 2228.00 NOTE

Check Details

Version: 2.21.2
Check: for GNU extensions in Makefiles
Result: NOTE
    GNU make is a SystemRequirements.
Flavors: r-devel-linux-x86_64-debian-clang, r-devel-linux-x86_64-debian-gcc, r-devel-linux-x86_64-fedora-clang, r-devel-linux-x86_64-fedora-gcc, r-patched-linux-x86_64, r-patched-solaris-x86, r-release-linux-x86_64, r-release-windows-ix86+x86_64, r-oldrel-macos-x86_64, r-oldrel-windows-ix86+x86_64

Version: 2.21.2
Check: installed package size
Result: NOTE
     installed size is 224.7Mb
     sub-directories of 1Mb or more:
     lib 38.0Mb
     libs 183.9Mb
Flavors: r-devel-linux-x86_64-fedora-clang, r-patched-solaris-x86, r-release-macos-x86_64, r-release-windows-ix86+x86_64, r-oldrel-macos-x86_64, r-oldrel-windows-ix86+x86_64

Version: 2.21.2
Check: Rd cross-references
Result: NOTE
    Undeclared packages ‘coda’, ‘rstanarm’ in Rd xrefs
Flavor: r-devel-linux-x86_64-fedora-clang

Version: 2.21.2
Check: whether package can be installed
Result: ERROR
    Installation failed.
Flavor: r-devel-windows-ix86+x86_64