CRAN Package Check Results for Package rstantools

Last updated on 2019-07-20 15:47:01 CEST.

Flavor Version Tinstall Tcheck Ttotal Status Flags
r-devel-linux-x86_64-debian-clang 1.5.1 1.84 24.99 26.83 OK
r-devel-linux-x86_64-debian-gcc 1.5.1 1.48 20.33 21.81 OK
r-devel-linux-x86_64-fedora-clang 1.5.1 32.43 OK
r-devel-linux-x86_64-fedora-gcc 1.5.1 31.77 OK
r-devel-windows-ix86+x86_64 1.5.1 5.00 54.00 59.00 OK
r-patched-linux-x86_64 1.5.1 1.65 24.57 26.22 OK
r-patched-solaris-x86 1.5.1 51.00 WARN
r-release-linux-x86_64 1.5.1 1.92 24.97 26.89 OK
r-release-windows-ix86+x86_64 1.5.1 4.00 40.00 44.00 OK
r-release-osx-x86_64 1.5.1 WARN
r-oldrel-windows-ix86+x86_64 1.5.1 3.00 52.00 55.00 OK
r-oldrel-osx-x86_64 1.5.1 WARN

Check Details

Version: 1.5.1
Check: re-building of vignette outputs
Result: WARN
    Error(s) in re-building vignettes:
     ...
    --- re-building ‘developer-guidelines.Rmd’ using rmarkdown
    Warning in engine$weave(file, quiet = quiet, encoding = enc) :
     Pandoc (>= 1.12.3) and/or pandoc-citeproc not available. Falling back to R Markdown v1.
    --- finished re-building ‘developer-guidelines.Rmd’
    
    --- re-building ‘minimal-rstan-package.Rmd’ using rmarkdown
    Warning in engine$weave(file, quiet = quiet, encoding = enc) :
     Pandoc (>= 1.12.3) and/or pandoc-citeproc not available. Falling back to R Markdown v1.
    Quitting from lines 17-22 (minimal-rstan-package.Rmd)
    Error: processing vignette 'minimal-rstan-package.Rmd' failed with diagnostics:
    object 'params' not found
    --- failed re-building ‘minimal-rstan-package.Rmd’
    
    SUMMARY: processing the following file failed:
     ‘minimal-rstan-package.Rmd’
    
    Error: Vignette re-building failed.
    Execution halted
Flavors: r-patched-solaris-x86, r-release-osx-x86_64

Version: 1.5.1
Check: re-building of vignette outputs
Result: WARN
    Error in re-building vignettes:
     ...
    Warning in engine$weave(file, quiet = quiet, encoding = enc) :
     Pandoc (>= 1.12.3) and/or pandoc-citeproc not available. Falling back to R Markdown v1.
    Warning in engine$weave(file, quiet = quiet, encoding = enc) :
     Pandoc (>= 1.12.3) and/or pandoc-citeproc not available. Falling back to R Markdown v1.
    Quitting from lines 17-22 (minimal-rstan-package.Rmd)
    Error: processing vignette 'minimal-rstan-package.Rmd' failed with diagnostics:
    object 'params' not found
    Execution halted
Flavor: r-oldrel-osx-x86_64