CRAN Package Check Results for Package rstatix

Last updated on 2022-09-30 17:50:40 CEST.

Flavor Version Tinstall Tcheck Ttotal Status Flags
r-devel-linux-x86_64-debian-clang 0.7.0 13.27 161.13 174.40 NOTE
r-devel-linux-x86_64-debian-gcc 0.7.0 10.33 117.94 128.27 NOTE
r-devel-linux-x86_64-fedora-clang 0.7.0 222.11 NOTE
r-devel-linux-x86_64-fedora-gcc 0.7.0 209.42 NOTE
r-devel-windows-x86_64 0.7.0 67.00 203.00 270.00 NOTE
r-patched-linux-x86_64 0.7.0 10.52 146.19 156.71 NOTE
r-release-linux-x86_64 0.7.0 11.59 147.53 159.12 NOTE
r-release-macos-arm64 0.7.0 51.00 NOTE
r-release-macos-x86_64 0.7.0 91.00 NOTE
r-release-windows-x86_64 0.7.0 81.00 187.00 268.00 NOTE
r-oldrel-macos-arm64 0.7.0 62.00 NOTE
r-oldrel-macos-x86_64 0.7.0 73.00 NOTE
r-oldrel-windows-ix86+x86_64 0.7.0 27.00 189.00 216.00 NOTE

Check Details

Version: 0.7.0
Check: LazyData
Result: NOTE
     'LazyData' is specified without a 'data' directory
Flavors: r-devel-linux-x86_64-debian-clang, r-devel-linux-x86_64-debian-gcc, r-devel-linux-x86_64-fedora-clang, r-devel-linux-x86_64-fedora-gcc, r-devel-windows-x86_64, r-patched-linux-x86_64, r-release-linux-x86_64, r-release-macos-arm64, r-release-macos-x86_64, r-release-windows-x86_64, r-oldrel-macos-arm64, r-oldrel-macos-x86_64, r-oldrel-windows-ix86+x86_64