CRAN Package Check Results for Package rstatix

Last updated on 2021-05-07 23:48:01 CEST.

Flavor Version Tinstall Tcheck Ttotal Status Flags
r-devel-linux-x86_64-debian-clang 0.7.0 12.79 143.33 156.12 NOTE
r-devel-linux-x86_64-debian-gcc 0.7.0 11.39 105.89 117.28 NOTE
r-devel-linux-x86_64-fedora-clang 0.7.0 189.80 NOTE
r-devel-linux-x86_64-fedora-gcc 0.7.0 180.49 NOTE
r-devel-windows-ix86+x86_64 0.7.0 27.00 194.00 221.00 NOTE
r-devel-windows-x86_64-gcc10-UCRT 0.7.0 NOTE
r-patched-linux-x86_64 0.7.0 14.70 137.94 152.64 NOTE
r-patched-solaris-x86 0.7.0 243.00 OK
r-release-linux-x86_64 0.7.0 14.09 141.17 155.26 OK
r-release-macos-x86_64 0.7.0 OK
r-release-windows-ix86+x86_64 0.7.0 19.00 139.00 158.00 OK
r-oldrel-macos-x86_64 0.7.0 OK
r-oldrel-windows-ix86+x86_64 0.7.0 23.00 176.00 199.00 OK

Check Details

Version: 0.7.0
Check: LazyData
Result: NOTE
     'LazyData' is specified without a 'data' directory
Flavors: r-devel-linux-x86_64-debian-clang, r-devel-linux-x86_64-debian-gcc, r-devel-linux-x86_64-fedora-clang, r-devel-linux-x86_64-fedora-gcc, r-devel-windows-ix86+x86_64, r-devel-windows-x86_64-gcc10-UCRT, r-patched-linux-x86_64