CRAN Package Check Results for Package rstatix

Last updated on 2021-09-21 12:53:49 CEST.

Flavor Version Tinstall Tcheck Ttotal Status Flags
r-devel-linux-x86_64-debian-clang 0.7.0 13.84 144.50 158.34 NOTE
r-devel-linux-x86_64-debian-gcc 0.7.0 11.16 107.25 118.41 NOTE
r-devel-linux-x86_64-fedora-clang 0.7.0 191.19 NOTE
r-devel-linux-x86_64-fedora-gcc 0.7.0 180.33 NOTE
r-devel-windows-x86_64 0.7.0 15.00 138.00 153.00 NOTE
r-devel-windows-x86_64-gcc10-UCRT 0.7.0 ERROR
r-patched-linux-x86_64 0.7.0 13.41 135.60 149.01 NOTE
r-patched-solaris-x86 0.7.0 230.00 NOTE
r-release-linux-x86_64 0.7.0 11.72 134.33 146.05 NOTE
r-release-macos-arm64 0.7.0 NOTE
r-release-macos-x86_64 0.7.0 NOTE
r-release-windows-ix86+x86_64 0.7.0 28.00 138.00 166.00 NOTE
r-oldrel-macos-x86_64 0.7.0 OK
r-oldrel-windows-ix86+x86_64 0.7.0 27.00 136.00 163.00 OK

Check Details

Version: 0.7.0
Check: LazyData
Result: NOTE
     'LazyData' is specified without a 'data' directory
Flavors: r-devel-linux-x86_64-debian-clang, r-devel-linux-x86_64-debian-gcc, r-devel-linux-x86_64-fedora-clang, r-devel-linux-x86_64-fedora-gcc, r-devel-windows-x86_64, r-devel-windows-x86_64-gcc10-UCRT, r-patched-linux-x86_64, r-patched-solaris-x86, r-release-linux-x86_64, r-release-macos-arm64, r-release-macos-x86_64, r-release-windows-ix86+x86_64

Version: 0.7.0
Check: whether package can be installed
Result: WARN
    Found the following significant warnings:
     WARNING: installation-time patches will not be applied, could not get the patches index
Flavor: r-devel-windows-x86_64-gcc10-UCRT

Version: 0.7.0
Check: PDF version of manual
Result: WARN
    LaTeX errors when creating PDF version.
    This typically indicates Rd problems.
Flavor: r-devel-windows-x86_64-gcc10-UCRT

Version: 0.7.0
Check: PDF version of manual without hyperrefs or index
Result: ERROR
    Re-running with no redirection of stdout/stderr.
Flavor: r-devel-windows-x86_64-gcc10-UCRT