Last updated on 2023-06-04 08:57:21 CEST.
Flavor | Version | Tinstall | Tcheck | Ttotal | Status | Flags |
---|---|---|---|---|---|---|
r-devel-linux-x86_64-debian-clang | 0.7.2 | 12.43 | 158.51 | 170.94 | OK | |
r-devel-linux-x86_64-debian-gcc | 0.7.2 | 11.29 | 119.12 | 130.41 | OK | |
r-devel-linux-x86_64-fedora-clang | 0.7.2 | 225.76 | OK | |||
r-devel-linux-x86_64-fedora-gcc | 0.7.2 | 198.78 | OK | |||
r-devel-windows-x86_64 | 0.7.2 | 12.00 | 138.00 | 150.00 | OK | |
r-patched-linux-x86_64 | 0.7.2 | 14.23 | 148.29 | 162.52 | OK | |
r-release-linux-x86_64 | 0.7.2 | 14.76 | 148.48 | 163.24 | OK | |
r-release-macos-arm64 | 0.7.2 | 63.00 | OK | |||
r-release-macos-x86_64 | 0.7.2 | 98.00 | NOTE | |||
r-release-windows-x86_64 | 0.7.2 | 16.00 | 179.00 | 195.00 | OK | |
r-oldrel-macos-arm64 | 0.7.2 | 65.00 | OK | |||
r-oldrel-macos-x86_64 | 0.7.2 | 77.00 | OK | |||
r-oldrel-windows-x86_64 | 0.7.2 | 16.00 | 168.00 | 184.00 | OK |
Version: 0.7.2
Check: package dependencies
Result: NOTE
Package suggested but not available for checking: ‘ggpubr’
Flavor: r-release-macos-x86_64