CRAN Package Check Results for Package rstatix

Last updated on 2022-06-25 09:53:54 CEST.

Flavor Version Tinstall Tcheck Ttotal Status Flags
r-devel-linux-x86_64-debian-clang 0.7.0 16.07 151.62 167.69 NOTE
r-devel-linux-x86_64-debian-gcc 0.7.0 11.35 112.10 123.45 NOTE
r-devel-linux-x86_64-fedora-clang 0.7.0 201.47 NOTE
r-devel-linux-x86_64-fedora-gcc 0.7.0 201.31 NOTE
r-devel-windows-x86_64 0.7.0 77.00 189.00 266.00 NOTE
r-patched-linux-x86_64 0.7.0 13.28 144.64 157.92 NOTE
r-release-linux-x86_64 0.7.0 11.29 142.43 153.72 NOTE
r-release-macos-arm64 0.7.0 51.00 NOTE
r-release-macos-x86_64 0.7.0 91.00 NOTE
r-release-windows-x86_64 0.7.0 74.00 187.00 261.00 NOTE
r-oldrel-macos-arm64 0.7.0 62.00 NOTE
r-oldrel-macos-x86_64 0.7.0 73.00 NOTE
r-oldrel-windows-ix86+x86_64 0.7.0 27.00 177.00 204.00 NOTE

Check Details

Version: 0.7.0
Check: LazyData
Result: NOTE
     'LazyData' is specified without a 'data' directory
Flavors: r-devel-linux-x86_64-debian-clang, r-devel-linux-x86_64-debian-gcc, r-devel-linux-x86_64-fedora-clang, r-devel-linux-x86_64-fedora-gcc, r-devel-windows-x86_64, r-patched-linux-x86_64, r-release-linux-x86_64, r-release-macos-arm64, r-release-macos-x86_64, r-release-windows-x86_64, r-oldrel-macos-arm64, r-oldrel-macos-x86_64, r-oldrel-windows-ix86+x86_64