Last updated on 2023-11-30 21:49:14 CET.
Flavor | Version | Tinstall | Tcheck | Ttotal | Status | Flags |
---|---|---|---|---|---|---|
r-devel-linux-x86_64-debian-clang | 0.7.2 | 13.15 | 154.22 | 167.37 | NOTE | |
r-devel-linux-x86_64-debian-gcc | 0.7.2 | 9.67 | 113.44 | 123.11 | NOTE | |
r-devel-linux-x86_64-fedora-clang | 0.7.2 | 204.34 | OK | |||
r-devel-linux-x86_64-fedora-gcc | 0.7.2 | 195.77 | OK | |||
r-devel-windows-x86_64 | 0.7.2 | 13.00 | 136.00 | 149.00 | OK | |
r-patched-linux-x86_64 | 0.7.2 | 9.48 | 144.17 | 153.65 | OK | |
r-release-linux-x86_64 | 0.7.2 | 9.24 | 144.38 | 153.62 | OK | |
r-release-macos-arm64 | 0.7.2 | 63.00 | OK | |||
r-release-macos-x86_64 | 0.7.2 | 98.00 | NOTE | |||
r-release-windows-x86_64 | 0.7.2 | 17.00 | 177.00 | 194.00 | OK | |
r-oldrel-macos-arm64 | 0.7.2 | 65.00 | OK | |||
r-oldrel-macos-x86_64 | 0.7.2 | 77.00 | OK | |||
r-oldrel-windows-x86_64 | 0.7.2 | 17.00 | 160.00 | 177.00 | OK |
Version: 0.7.2
Check: Rd files
Result: NOTE
checkRd: (-1) box_m.Rd:19: Lost braces in \itemize; \value handles \item{}{} directly
checkRd: (-1) box_m.Rd:20: Lost braces in \itemize; \value handles \item{}{} directly
checkRd: (-1) box_m.Rd:21: Lost braces in \itemize; \value handles \item{}{} directly
checkRd: (-1) box_m.Rd:22: Lost braces in \itemize; \value handles \item{}{} directly
checkRd: (-1) wilcox_test.Rd:91: Lost braces; missing escapes or markup?
91 | distribution of \code{(u+v)/2}, where \code{u} and {v} are independent, each
| ^
Flavors: r-devel-linux-x86_64-debian-clang, r-devel-linux-x86_64-debian-gcc
Version: 0.7.2
Check: package dependencies
Result: NOTE
Package suggested but not available for checking: ‘ggpubr’
Flavor: r-release-macos-x86_64