CRAN Package Check Results for Package rstiefel

Last updated on 2021-09-19 15:49:39 CEST.

Flavor Version Tinstall Tcheck Ttotal Status Flags
r-devel-linux-x86_64-debian-clang 1.0.1 3.14 122.83 125.97 OK
r-devel-linux-x86_64-debian-gcc 1.0.1 2.30 94.29 96.59 OK
r-devel-linux-x86_64-fedora-clang 1.0.1 156.22 OK
r-devel-linux-x86_64-fedora-gcc 1.0.1 147.49 OK
r-devel-windows-x86_64 1.0.1 6.00 186.00 192.00 OK
r-devel-windows-x86_64-gcc10-UCRT 1.0.1 ERROR
r-patched-linux-x86_64 1.0.1 3.54 119.00 122.54 OK
r-patched-solaris-x86 1.0.1 237.30 OK
r-release-linux-x86_64 1.0.1 3.23 119.00 122.23 OK
r-release-macos-arm64 1.0.1 OK
r-release-macos-x86_64 1.0.1 OK
r-release-windows-ix86+x86_64 1.0.1 10.00 144.00 154.00 OK
r-oldrel-macos-x86_64 1.0.1 OK
r-oldrel-windows-ix86+x86_64 1.0.1 9.00 132.00 141.00 OK

Check Details

Version: 1.0.1
Check: whether package can be installed
Result: ERROR
    Installation failed.
Flavor: r-devel-windows-x86_64-gcc10-UCRT