CRAN Package Check Results for Package rsubgroup

Last updated on 2021-06-17 18:49:52 CEST.

Flavor Version Tinstall Tcheck Ttotal Status Flags
r-devel-linux-x86_64-debian-clang 1.1 4.85 53.69 58.54 OK
r-devel-linux-x86_64-debian-gcc 1.1 3.75 41.15 44.90 OK
r-devel-linux-x86_64-fedora-clang 1.1 79.50 OK
r-devel-linux-x86_64-fedora-gcc 1.1 69.64 OK
r-devel-windows-x86_64 1.1 8.00 71.00 79.00 OK
r-devel-windows-x86_64-gcc10-UCRT 1.1 OK
r-patched-linux-x86_64 1.1 4.68 53.09 57.77 OK
r-release-linux-x86_64 1.1 4.37 52.53 56.90 OK
r-release-macos-arm64 1.1 ERROR
r-release-macos-x86_64 1.1 OK
r-release-windows-ix86+x86_64 1.1 9.00 60.00 69.00 OK
r-oldrel-macos-x86_64 1.1 OK
r-oldrel-windows-ix86+x86_64 1.1 8.00 53.00 61.00 OK

Check Details

Version: 1.1
Check: whether package can be installed
Result: ERROR
    Installation failed.
Flavor: r-release-macos-arm64