CRAN Package Check Results for Package rsurface

Last updated on 2020-04-06 01:48:14 CEST.

Flavor Version Tinstall Tcheck Ttotal Status Flags
r-devel-linux-x86_64-debian-clang 1.1.0 2.53 22.23 24.76 OK
r-devel-linux-x86_64-debian-gcc 1.1.0 0.23 1.89 2.12 ERROR
r-devel-linux-x86_64-fedora-clang 1.1.0 30.94 OK
r-devel-linux-x86_64-fedora-gcc 1.1.0 30.66 OK
r-devel-windows-ix86+x86_64 1.1.0 11.00 32.00 43.00 OK
r-devel-windows-ix86+x86_64-gcc8 1.1.0 7.00 37.00 44.00 OK
r-patched-linux-x86_64 1.1.0 2.43 22.26 24.69 OK
r-patched-solaris-x86 1.1.0 49.00 OK
r-release-linux-x86_64 1.1.0 1.99 20.53 22.52 OK
r-release-windows-ix86+x86_64 1.1.0 6.00 52.00 58.00 OK
r-release-osx-x86_64 1.1.0 OK
r-oldrel-windows-ix86+x86_64 1.1.0 3.00 36.00 39.00 OK
r-oldrel-osx-x86_64 1.1.0 OK

Check Details

Version: 1.1.0
Check: whether package can be installed
Result: ERROR
    Installation failed.
Flavor: r-devel-linux-x86_64-debian-gcc