Last updated on 2023-09-26 10:07:52 CEST.
Flavor | Version | Tinstall | Tcheck | Ttotal | Status | Flags |
---|---|---|---|---|---|---|
r-devel-linux-x86_64-debian-clang | 9.1.15 | 291.24 | 41.45 | 332.69 | NOTE | |
r-devel-linux-x86_64-debian-gcc | 9.1.15 | 249.89 | 32.57 | 282.46 | NOTE | |
r-devel-linux-x86_64-fedora-clang | 9.1.15 | 510.65 | NOTE | |||
r-devel-linux-x86_64-fedora-gcc | 9.1.15 | 412.97 | NOTE | |||
r-devel-windows-x86_64 | 9.1.15 | 757.00 | 80.00 | 837.00 | NOTE | |
r-patched-linux-x86_64 | 9.1.15 | 287.62 | 40.90 | 328.52 | NOTE | |
r-release-linux-x86_64 | 9.1.15 | 303.30 | 40.70 | 344.00 | NOTE | |
r-release-macos-arm64 | 9.1.15 | 222.00 | NOTE | |||
r-release-macos-x86_64 | 9.1.15 | 432.00 | NOTE | |||
r-release-windows-x86_64 | 9.1.15 | 890.00 | 83.00 | 973.00 | NOTE | |
r-oldrel-macos-arm64 | 9.1.15 | 220.00 | NOTE | |||
r-oldrel-macos-x86_64 | 9.1.15 | 266.00 | NOTE | |||
r-oldrel-windows-x86_64 | 9.1.15 | 1103.00 | 82.00 | 1185.00 | NOTE |
Version: 9.1.15
Check: for GNU extensions in Makefiles
Result: NOTE
GNU make is a SystemRequirements.
Flavors: r-devel-linux-x86_64-debian-clang, r-devel-linux-x86_64-debian-gcc, r-devel-linux-x86_64-fedora-clang, r-devel-linux-x86_64-fedora-gcc, r-devel-windows-x86_64, r-patched-linux-x86_64, r-release-linux-x86_64, r-release-macos-arm64, r-release-macos-x86_64, r-release-windows-x86_64, r-oldrel-macos-arm64, r-oldrel-macos-x86_64, r-oldrel-windows-x86_64
Version: 9.1.15
Check: installed package size
Result: NOTE
installed size is 17.4Mb
sub-directories of 1Mb or more:
swipl 17.0Mb
Flavors: r-devel-linux-x86_64-fedora-clang, r-devel-windows-x86_64, r-release-macos-arm64, r-release-macos-x86_64, r-release-windows-x86_64, r-oldrel-macos-arm64, r-oldrel-macos-x86_64, r-oldrel-windows-x86_64