CRAN Package Check Results for Package rsyncrosim

Last updated on 2020-08-10 18:48:23 CEST.

Flavor Version Tinstall Tcheck Ttotal Status Flags
r-devel-linux-x86_64-debian-clang 1.2.4 15.38 69.39 84.77 OK
r-devel-linux-x86_64-debian-gcc 1.2.4 13.47 54.17 67.64 OK
r-devel-linux-x86_64-fedora-clang 1.2.4 111.00 OK
r-devel-linux-x86_64-fedora-gcc 1.2.4 101.85 OK
r-devel-windows-ix86+x86_64 1.2.4 30.00 108.00 138.00 OK
r-patched-linux-x86_64 1.2.4 16.95 68.67 85.62 OK
r-patched-solaris-x86 1.2.4 132.40 WARN
r-release-linux-x86_64 1.2.4 18.22 68.98 87.20 OK
r-release-macos-x86_64 1.2.4 WARN
r-release-windows-ix86+x86_64 1.2.4 35.00 102.00 137.00 OK
r-oldrel-macos-x86_64 1.2.4 WARN
r-oldrel-windows-ix86+x86_64 1.2.4 19.00 69.00 88.00 OK

Check Details

Version: 1.2.4
Check: re-building of vignette outputs
Result: WARN
    Error(s) in re-building vignettes:
     ...
    --- re-building ‘rsyncrosim_tutorial.Rmd’ using rmarkdown
    Warning in engine$weave(file, quiet = quiet, encoding = enc) :
     Pandoc (>= 1.12.3) and/or pandoc-citeproc not available. Falling back to R Markdown v1.
    Quitting from lines 15-19 (rsyncrosim_tutorial.Rmd)
    Error: processing vignette 'rsyncrosim_tutorial.Rmd' failed with diagnostics:
    object 'params' not found
    --- failed re-building ‘rsyncrosim_tutorial.Rmd’
    
    SUMMARY: processing the following file failed:
     ‘rsyncrosim_tutorial.Rmd’
    
    Error: Vignette re-building failed.
    Execution halted
Flavors: r-patched-solaris-x86, r-release-macos-x86_64, r-oldrel-macos-x86_64