CRAN Package Check Results for Package rtern

Last updated on 2021-10-16 01:48:31 CEST.

Flavor Version Tinstall Tcheck Ttotal Status Flags
r-devel-linux-x86_64-debian-clang 0.1.1 1.80 22.92 24.72 OK
r-devel-linux-x86_64-debian-gcc 0.1.1 1.57 18.10 19.67 OK
r-devel-linux-x86_64-fedora-clang 0.1.1 40.48 NOTE
r-devel-linux-x86_64-fedora-gcc 0.1.1 29.19 NOTE
r-devel-windows-x86_64 0.1.1 4.00 33.00 37.00 OK
r-devel-windows-x86_64-gcc10-UCRT 0.1.1 NOTE
r-patched-linux-x86_64 0.1.1 1.85 22.42 24.27 OK
r-patched-solaris-x86 0.1.1 46.80 NOTE
r-release-linux-x86_64 0.1.1 1.79 22.45 24.24 OK
r-release-macos-arm64 0.1.1 NOTE
r-release-macos-x86_64 0.1.1 NOTE
r-release-windows-ix86+x86_64 0.1.1 5.00 41.00 46.00 OK
r-oldrel-macos-x86_64 0.1.1 NOTE
r-oldrel-windows-ix86+x86_64 0.1.1 5.00 47.00 52.00 OK

Check Details

Version: 0.1.1
Check: dependencies in R code
Result: NOTE
    Namespace in Imports field not imported from: ‘lifecycle’
     All declared Imports should be used.
Flavors: r-devel-linux-x86_64-fedora-clang, r-devel-linux-x86_64-fedora-gcc, r-devel-windows-x86_64-gcc10-UCRT, r-patched-solaris-x86, r-release-macos-arm64, r-release-macos-x86_64, r-oldrel-macos-x86_64