CRAN Package Check Results for Package rtf

Last updated on 2024-05-24 23:54:32 CEST.

Flavor Version Tinstall Tcheck Ttotal Status Flags
r-devel-linux-x86_64-debian-clang 0.4-14.1 2.58 51.45 54.03 NOTE
r-devel-linux-x86_64-debian-gcc 0.4-14.1 2.69 39.35 42.04 NOTE
r-devel-linux-x86_64-fedora-clang 0.4-14.1 69.76 NOTE
r-devel-linux-x86_64-fedora-gcc 0.4-14.1 79.28 NOTE
r-devel-windows-x86_64 0.4-14.1 4.00 73.00 77.00 OK
r-patched-linux-x86_64 0.4-14.1 2.66 50.25 52.91 NOTE
r-release-linux-x86_64 0.4-14.1 2.43 50.54 52.97 NOTE
r-release-macos-arm64 0.4-14.1 30.00 OK
r-release-windows-x86_64 0.4-14.1 4.00 136.00 140.00 OK
r-oldrel-macos-arm64 0.4-14.1 33.00 OK
r-oldrel-macos-x86_64 0.4-14.1 56.00 OK
r-oldrel-windows-x86_64 0.4-14.1 5.00 72.00 77.00 OK

Check Details

Version: 0.4-14.1
Check: for non-standard things in the check directory
Result: NOTE Found the following files/directories: ‘test_addPageBreak.doc’ ‘test_addPlot.doc’ ‘test_addSessionInfo.doc’ ‘test_addTable.doc’ Flavors: r-devel-linux-x86_64-debian-clang, r-devel-linux-x86_64-debian-gcc, r-devel-linux-x86_64-fedora-clang, r-devel-linux-x86_64-fedora-gcc, r-patched-linux-x86_64, r-release-linux-x86_64