CRAN Package Check Results for Package rticles

Last updated on 2022-07-06 18:51:46 CEST.

Flavor Version Tinstall Tcheck Ttotal Status Flags
r-devel-linux-x86_64-debian-clang 0.23 5.10 37.98 43.08 NOTE
r-devel-linux-x86_64-debian-gcc 0.23 3.44 29.63 33.07 NOTE
r-devel-linux-x86_64-fedora-clang 0.23 61.38 NOTE
r-devel-linux-x86_64-fedora-gcc 0.23 59.80 NOTE
r-devel-windows-x86_64 0.23 218.00 66.00 284.00 NOTE
r-patched-linux-x86_64 0.23 5.29 36.02 41.31 NOTE
r-release-linux-x86_64 0.23 4.54 37.42 41.96 NOTE
r-release-macos-arm64 0.23 19.00 NOTE
r-release-macos-x86_64 0.23 29.00 NOTE
r-release-windows-x86_64 0.23 214.00 79.00 293.00 NOTE
r-oldrel-macos-arm64 0.23 21.00 NOTE
r-oldrel-macos-x86_64 0.23 29.00 NOTE
r-oldrel-windows-ix86+x86_64 0.23 12.00 54.00 66.00 NOTE

Check Details

Version: 0.23
Check: for GNU extensions in Makefiles
Result: NOTE
    GNU make is a SystemRequirements.
Flavors: r-devel-linux-x86_64-debian-clang, r-devel-linux-x86_64-debian-gcc, r-devel-linux-x86_64-fedora-clang, r-devel-linux-x86_64-fedora-gcc, r-devel-windows-x86_64, r-patched-linux-x86_64, r-release-linux-x86_64, r-release-macos-arm64, r-release-macos-x86_64, r-release-windows-x86_64, r-oldrel-macos-arm64, r-oldrel-macos-x86_64, r-oldrel-windows-ix86+x86_64

Version: 0.23
Check: installed package size
Result: NOTE
     installed size is 7.3Mb
     sub-directories of 1Mb or more:
     rmarkdown 7.0Mb
Flavors: r-devel-linux-x86_64-fedora-clang, r-devel-windows-x86_64, r-release-macos-arm64, r-release-macos-x86_64, r-release-windows-x86_64, r-oldrel-macos-arm64, r-oldrel-macos-x86_64, r-oldrel-windows-ix86+x86_64