CRAN Package Check Results for Package rticles

Last updated on 2019-02-21 05:49:09 CET.

Flavor Version Tinstall Tcheck Ttotal Status Flags
r-devel-linux-x86_64-debian-clang 0.6 3.19 28.97 32.16 NOTE
r-devel-linux-x86_64-debian-gcc 0.6 1.94 23.13 25.07 NOTE
r-devel-linux-x86_64-fedora-clang 0.6 37.53 NOTE
r-devel-linux-x86_64-fedora-gcc 0.6 36.29 NOTE
r-devel-windows-ix86+x86_64 0.6 14.00 42.00 56.00 NOTE
r-patched-linux-x86_64 0.6 NOTE
r-patched-solaris-x86 0.6 55.30 NOTE
r-release-linux-x86_64 0.6 NOTE
r-release-windows-ix86+x86_64 0.6 6.00 59.00 65.00 NOTE
r-release-osx-x86_64 0.6 NOTE
r-oldrel-windows-ix86+x86_64 0.6 7.00 57.00 64.00 NOTE
r-oldrel-osx-x86_64 0.6 NOTE

Check Details

Version: 0.6
Check: for GNU extensions in Makefiles
Result: NOTE
    GNU make is a SystemRequirements.
Flavors: r-devel-linux-x86_64-debian-clang, r-devel-linux-x86_64-debian-gcc, r-devel-linux-x86_64-fedora-clang, r-devel-linux-x86_64-fedora-gcc, r-devel-windows-ix86+x86_64, r-patched-linux-x86_64, r-patched-solaris-x86, r-release-linux-x86_64, r-release-windows-ix86+x86_64, r-release-osx-x86_64, r-oldrel-windows-ix86+x86_64, r-oldrel-osx-x86_64

Version: 0.6
Check: installed package size
Result: NOTE
     installed size is 5.2Mb
     sub-directories of 1Mb or more:
     rmarkdown 5.0Mb
Flavors: r-devel-linux-x86_64-fedora-clang, r-patched-solaris-x86