CRAN Package Check Results for Package rticles

Last updated on 2018-09-23 06:47:28 CEST.

Flavor Version Tinstall Tcheck Ttotal Status Flags
r-devel-linux-x86_64-debian-clang 0.5 2.77 29.99 32.76 NOTE
r-devel-linux-x86_64-debian-gcc 0.5 1.69 24.51 26.20 NOTE
r-devel-linux-x86_64-fedora-clang 0.5 38.30 NOTE
r-devel-linux-x86_64-fedora-gcc 0.5 37.37 NOTE
r-devel-windows-ix86+x86_64 0.5 11.00 61.00 72.00 NOTE
r-patched-linux-x86_64 0.5 2.56 26.82 29.38 NOTE
r-patched-solaris-x86 0.5 55.30 NOTE
r-release-linux-x86_64 0.5 2.84 27.45 30.29 NOTE
r-release-windows-ix86+x86_64 0.5 6.00 55.00 61.00 NOTE
r-release-osx-x86_64 0.5 NOTE
r-oldrel-windows-ix86+x86_64 0.5 6.00 54.00 60.00 NOTE
r-oldrel-osx-x86_64 0.5 NOTE

Check Details

Version: 0.5
Check: for GNU extensions in Makefiles
Result: NOTE
    GNU make is a SystemRequirements.
Flavors: r-devel-linux-x86_64-debian-clang, r-devel-linux-x86_64-debian-gcc, r-devel-linux-x86_64-fedora-clang, r-devel-linux-x86_64-fedora-gcc, r-devel-windows-ix86+x86_64, r-patched-linux-x86_64, r-patched-solaris-x86, r-release-linux-x86_64, r-release-windows-ix86+x86_64, r-release-osx-x86_64, r-oldrel-windows-ix86+x86_64, r-oldrel-osx-x86_64