CRAN Package Check Results for Package rticles

Last updated on 2018-11-20 23:11:47 CET.

Flavor Version Tinstall Tcheck Ttotal Status Flags
r-devel-linux-x86_64-debian-clang 0.6 2.99 28.37 31.36 NOTE
r-devel-linux-x86_64-debian-gcc 0.6 2.13 23.32 25.45 NOTE
r-devel-linux-x86_64-fedora-clang 0.6 36.28 NOTE
r-devel-linux-x86_64-fedora-gcc 0.6 35.06 NOTE
r-devel-windows-ix86+x86_64 0.6 11.00 47.00 58.00 NOTE
r-patched-linux-x86_64 0.6 2.65 27.23 29.88 NOTE
r-patched-solaris-x86 0.6 57.00 NOTE
r-release-linux-x86_64 0.6 2.70 27.26 29.96 NOTE
r-release-windows-ix86+x86_64 0.6 7.00 66.00 73.00 NOTE
r-release-osx-x86_64 0.6 NOTE
r-oldrel-windows-ix86+x86_64 0.6 8.00 55.00 63.00 NOTE
r-oldrel-osx-x86_64 0.6 NOTE

Check Details

Version: 0.6
Check: for GNU extensions in Makefiles
Result: NOTE
    GNU make is a SystemRequirements.
Flavors: r-devel-linux-x86_64-debian-clang, r-devel-linux-x86_64-debian-gcc, r-devel-linux-x86_64-fedora-clang, r-devel-linux-x86_64-fedora-gcc, r-devel-windows-ix86+x86_64, r-patched-linux-x86_64, r-patched-solaris-x86, r-release-linux-x86_64, r-release-windows-ix86+x86_64, r-release-osx-x86_64, r-oldrel-windows-ix86+x86_64, r-oldrel-osx-x86_64

Version: 0.6
Check: installed package size
Result: NOTE
     installed size is 5.2Mb
     sub-directories of 1Mb or more:
     rmarkdown 5.0Mb
Flavors: r-devel-linux-x86_64-fedora-clang, r-patched-solaris-x86