CRAN Package Check Results for Package rticles

Last updated on 2022-12-04 03:54:15 CET.

Flavor Version Tinstall Tcheck Ttotal Status Flags
r-devel-linux-x86_64-debian-clang 0.24 4.34 39.36 43.70 NOTE
r-devel-linux-x86_64-debian-gcc 0.24 4.19 31.39 35.58 NOTE
r-devel-linux-x86_64-fedora-clang 0.24 68.10 NOTE
r-devel-linux-x86_64-fedora-gcc 0.24 63.06 NOTE
r-devel-windows-x86_64 0.24 410.00 74.00 484.00 NOTE
r-patched-linux-x86_64 0.24 5.28 37.17 42.45 NOTE
r-release-linux-x86_64 0.24 4.15 36.99 41.14 NOTE
r-release-macos-arm64 0.24 23.00 NOTE
r-release-macos-x86_64 0.24 30.00 NOTE
r-release-windows-x86_64 0.24 203.00 78.00 281.00 NOTE
r-oldrel-macos-arm64 0.24 26.00 NOTE
r-oldrel-macos-x86_64 0.24 36.00 NOTE
r-oldrel-windows-ix86+x86_64 0.24 12.00 62.00 74.00 NOTE

Check Details

Version: 0.24
Check: for GNU extensions in Makefiles
Result: NOTE
    GNU make is a SystemRequirements.
Flavors: r-devel-linux-x86_64-debian-clang, r-devel-linux-x86_64-debian-gcc, r-devel-linux-x86_64-fedora-clang, r-devel-linux-x86_64-fedora-gcc, r-devel-windows-x86_64, r-patched-linux-x86_64, r-release-linux-x86_64, r-release-macos-arm64, r-release-macos-x86_64, r-release-windows-x86_64, r-oldrel-macos-arm64, r-oldrel-macos-x86_64, r-oldrel-windows-ix86+x86_64

Version: 0.24
Check: installed package size
Result: NOTE
     installed size is 7.5Mb
     sub-directories of 1Mb or more:
     rmarkdown 7.3Mb
Flavors: r-devel-linux-x86_64-fedora-clang, r-devel-windows-x86_64, r-release-macos-arm64, r-release-macos-x86_64, r-release-windows-x86_64, r-oldrel-macos-arm64, r-oldrel-macos-x86_64, r-oldrel-windows-ix86+x86_64