CRAN Package Check Results for Package rticulate

Last updated on 2021-03-03 12:47:14 CET.

Flavor Version Tinstall Tcheck Ttotal Status Flags
r-devel-linux-x86_64-debian-clang 1.7.2 OK
r-devel-linux-x86_64-debian-gcc 1.7.2 3.83 63.17 67.00 OK
r-devel-linux-x86_64-fedora-clang 1.7.2 110.77 NOTE
r-devel-linux-x86_64-fedora-gcc 1.7.2 103.55 NOTE
r-devel-windows-ix86+x86_64 1.7.2 13.00 105.00 118.00 OK
r-patched-linux-x86_64 1.7.2 5.45 80.60 86.05 OK
r-patched-solaris-x86 1.7.2 153.10 NOTE
r-release-linux-x86_64 1.7.2 5.09 79.53 84.62 OK
r-release-macos-x86_64 1.7.2 NOTE
r-release-windows-ix86+x86_64 1.7.2 10.00 79.00 89.00 OK
r-oldrel-macos-x86_64 1.7.2 NOTE
r-oldrel-windows-ix86+x86_64 1.7.2 10.00 101.00 111.00 OK

Check Details

Version: 1.7.2
Check: dependencies in R code
Result: NOTE
    Namespaces in Imports field not imported from:
     ‘stringr’ ‘tidyverse’
     All declared Imports should be used.
Flavors: r-devel-linux-x86_64-fedora-clang, r-devel-linux-x86_64-fedora-gcc, r-patched-solaris-x86, r-release-macos-x86_64, r-oldrel-macos-x86_64