CRAN Package Check Results for Package rties

Last updated on 2024-02-22 20:50:16 CET.

Flavor Version Tinstall Tcheck Ttotal Status Flags
r-devel-linux-x86_64-debian-clang 5.0.0 OK
r-devel-linux-x86_64-debian-gcc 5.0.0 8.09 155.49 163.58 OK
r-devel-linux-x86_64-fedora-clang 5.0.0 280.29 NOTE
r-devel-linux-x86_64-fedora-gcc 5.0.0 297.39 NOTE
r-devel-windows-x86_64 5.0.0 10.00 200.00 210.00 OK
r-patched-linux-x86_64 5.0.0 11.18 200.37 211.55 OK
r-release-linux-x86_64 5.0.0 8.28 198.62 206.90 OK
r-release-macos-arm64 5.0.0 99.00 OK
r-release-macos-x86_64 5.0.0 153.00 OK
r-release-windows-x86_64 5.0.0 13.00 231.00 244.00 OK
r-oldrel-macos-arm64 5.0.0 85.00 NOTE
r-oldrel-windows-x86_64 5.0.0 13.00 229.00 242.00 OK

Check Details

Version: 5.0.0
Check: dependencies in R code
Result: NOTE Namespaces in Imports field not imported from: ‘DescTools’ ‘MASS’ ‘gridExtra’ All declared Imports should be used. Flavors: r-devel-linux-x86_64-fedora-clang, r-devel-linux-x86_64-fedora-gcc, r-oldrel-macos-arm64