CRAN Package Check Results for Package rties

Last updated on 2020-09-26 22:46:48 CEST.

Flavor Version Tinstall Tcheck Ttotal Status Flags
r-devel-linux-x86_64-debian-clang 5.0.0 7.90 204.93 212.83 OK
r-devel-linux-x86_64-debian-gcc 5.0.0 6.61 146.02 152.63 OK
r-devel-linux-x86_64-fedora-clang 5.0.0 272.98 NOTE
r-devel-linux-x86_64-fedora-gcc 5.0.0 245.37 NOTE
r-devel-windows-ix86+x86_64 5.0.0 17.00 223.00 240.00 OK
r-patched-linux-x86_64 5.0.0 7.82 189.25 197.07 OK
r-patched-solaris-x86 5.0.0 316.60 NOTE
r-release-linux-x86_64 5.0.0 8.36 192.17 200.53 OK
r-release-macos-x86_64 5.0.0 NOTE
r-release-windows-ix86+x86_64 5.0.0 16.00 244.00 260.00 OK
r-oldrel-macos-x86_64 5.0.0 NOTE
r-oldrel-windows-ix86+x86_64 5.0.0 14.00 233.00 247.00 OK

Check Details

Version: 5.0.0
Check: dependencies in R code
Result: NOTE
    Namespaces in Imports field not imported from:
     ‘DescTools’ ‘MASS’ ‘gridExtra’
     All declared Imports should be used.
Flavors: r-devel-linux-x86_64-fedora-clang, r-devel-linux-x86_64-fedora-gcc, r-patched-solaris-x86, r-release-macos-x86_64, r-oldrel-macos-x86_64