Last updated on 2025-01-18 08:49:28 CET.
Flavor | Version | Tinstall | Tcheck | Ttotal | Status | Flags |
---|---|---|---|---|---|---|
r-devel-linux-x86_64-debian-clang | 0.0.6 | 138.11 | 28.54 | 166.65 | OK | |
r-devel-linux-x86_64-debian-gcc | 0.0.6 | 106.80 | 23.19 | 129.99 | OK | |
r-devel-linux-x86_64-fedora-clang | 0.0.6 | 350.29 | OK | |||
r-devel-linux-x86_64-fedora-gcc | 0.0.6 | 351.99 | OK | |||
r-devel-windows-x86_64 | 0.0.6 | 177.00 | 94.00 | 271.00 | OK | |
r-patched-linux-x86_64 | 0.0.6 | 140.72 | 27.08 | 167.80 | OK | |
r-release-linux-x86_64 | 0.0.6 | 139.86 | 28.48 | 168.34 | OK | |
r-release-macos-arm64 | 0.0.6 | 77.00 | NOTE | |||
r-release-macos-x86_64 | 0.0.6 | 100.00 | NOTE | |||
r-release-windows-x86_64 | 0.0.6 | 184.00 | 89.00 | 273.00 | NOTE | |
r-oldrel-macos-arm64 | 0.0.6 | 71.00 | NOTE | |||
r-oldrel-macos-x86_64 | 0.0.6 | 98.00 | NOTE | |||
r-oldrel-windows-x86_64 | 0.0.6 | 192.00 | 98.00 | 290.00 | NOTE |
Version: 0.0.6
Check: installed package size
Result: NOTE
installed size is 18.3Mb
sub-directories of 1Mb or more:
libs 18.2Mb
Flavors: r-release-macos-arm64, r-release-macos-x86_64, r-release-windows-x86_64, r-oldrel-macos-arm64, r-oldrel-macos-x86_64, r-oldrel-windows-x86_64