CRAN Package Check Results for Package rtk

Last updated on 2024-06-23 15:53:35 CEST.

Flavor Version Tinstall Tcheck Ttotal Status Flags
r-devel-linux-x86_64-debian-clang 0.2.6.1 63.25 37.44 100.69 NOTE
r-devel-linux-x86_64-debian-gcc 0.2.6.1 52.61 28.02 80.63 NOTE
r-devel-linux-x86_64-fedora-clang 0.2.6.1 134.55 NOTE
r-devel-linux-x86_64-fedora-gcc 0.2.6.1 152.76 NOTE
r-devel-windows-x86_64 0.2.6.1 47.00 80.00 127.00 NOTE
r-patched-linux-x86_64 0.2.6.1 67.22 35.81 103.03 NOTE
r-release-linux-x86_64 0.2.6.1 61.47 35.70 97.17 NOTE
r-release-macos-arm64 0.2.6.1 38.00 NOTE
r-release-macos-x86_64 0.2.6.1 43.00 NOTE
r-release-windows-x86_64 0.2.6.1 47.00 78.00 125.00 NOTE
r-oldrel-macos-arm64 0.2.6.1 42.00 NOTE
r-oldrel-macos-x86_64 0.2.6.1 68.00 NOTE
r-oldrel-windows-x86_64 0.2.6.1 46.00 84.00 130.00 NOTE

Check Details

Version: 0.2.6.1
Check: C++ specification
Result: NOTE Specified C++11: please drop specification unless essential Flavors: r-devel-linux-x86_64-debian-clang, r-devel-linux-x86_64-debian-gcc, r-devel-linux-x86_64-fedora-clang, r-devel-linux-x86_64-fedora-gcc, r-devel-windows-x86_64, r-patched-linux-x86_64, r-release-linux-x86_64, r-release-macos-arm64, r-release-macos-x86_64, r-release-windows-x86_64, r-oldrel-macos-arm64, r-oldrel-macos-x86_64, r-oldrel-windows-x86_64

Version: 0.2.6.1
Check: installed package size
Result: NOTE installed size is 7.2Mb sub-directories of 1Mb or more: libs 7.1Mb Flavors: r-release-macos-arm64, r-release-macos-x86_64, r-oldrel-macos-arm64, r-oldrel-macos-x86_64