CRAN Package Check Results for Package rtk

Last updated on 2020-10-25 20:48:04 CET.

Flavor Version Tinstall Tcheck Ttotal Status Flags
r-devel-linux-x86_64-debian-clang 0.2.6.1 63.21 34.87 98.08 OK
r-devel-linux-x86_64-debian-gcc 0.2.6.1 50.77 26.40 77.17 OK
r-devel-linux-x86_64-fedora-clang 0.2.6.1 141.20 NOTE
r-devel-linux-x86_64-fedora-gcc 0.2.6.1 129.14 OK
r-devel-windows-ix86+x86_64 0.2.6.1 135.00 88.00 223.00 OK
r-patched-linux-x86_64 0.2.6.1 59.54 31.90 91.44 OK
r-patched-solaris-x86 0.2.6.1 118.00 OK
r-release-linux-x86_64 0.2.6.1 60.80 32.32 93.12 OK
r-release-macos-x86_64 0.2.6.1 NOTE
r-release-windows-ix86+x86_64 0.2.6.1 107.00 71.00 178.00 OK
r-oldrel-macos-x86_64 0.2.6.1 NOTE
r-oldrel-windows-ix86+x86_64 0.2.6.1 127.00 62.00 189.00 OK

Check Details

Version: 0.2.6.1
Check: installed package size
Result: NOTE
     installed size is 7.9Mb
     sub-directories of 1Mb or more:
     libs 7.8Mb
Flavors: r-devel-linux-x86_64-fedora-clang, r-release-macos-x86_64, r-oldrel-macos-x86_64