Last updated on 2021-01-15 18:51:38 CET.
Flavor | Version | Tinstall | Tcheck | Ttotal | Status | Flags |
---|---|---|---|---|---|---|
r-devel-linux-x86_64-debian-clang | 0.2.6.1 | 61.97 | 34.56 | 96.53 | OK | |
r-devel-linux-x86_64-debian-gcc | 0.2.6.1 | 47.88 | 28.04 | 75.92 | OK | |
r-devel-linux-x86_64-fedora-clang | 0.2.6.1 | 141.33 | NOTE | |||
r-devel-linux-x86_64-fedora-gcc | 0.2.6.1 | 128.44 | OK | |||
r-devel-windows-ix86+x86_64 | 0.2.6.1 | 136.00 | 78.00 | 214.00 | OK | |
r-patched-linux-x86_64 | 0.2.6.1 | 55.16 | 33.01 | 88.17 | OK | |
r-patched-solaris-x86 | 0.2.6.1 | 119.00 | OK | |||
r-release-linux-x86_64 | 0.2.6.1 | 54.89 | 32.80 | 87.69 | OK | |
r-release-macos-x86_64 | 0.2.6.1 | NOTE | ||||
r-release-windows-ix86+x86_64 | 0.2.6.1 | 114.00 | 91.00 | 205.00 | OK | |
r-oldrel-macos-x86_64 | 0.2.6.1 | NOTE | ||||
r-oldrel-windows-ix86+x86_64 | 0.2.6.1 | 98.00 | 63.00 | 161.00 | OK |
Version: 0.2.6.1
Check: installed package size
Result: NOTE
installed size is 7.9Mb
sub-directories of 1Mb or more:
libs 7.8Mb
Flavors: r-devel-linux-x86_64-fedora-clang, r-release-macos-x86_64, r-oldrel-macos-x86_64