CRAN Package Check Results for Package rtkore

Last updated on 2022-06-29 14:51:28 CEST.

Flavor Version Tinstall Tcheck Ttotal Status Flags
r-devel-linux-x86_64-debian-clang 1.5.5 31.32 67.83 99.15 OK
r-devel-linux-x86_64-debian-gcc 1.5.5 28.70 53.93 82.63 OK
r-devel-linux-x86_64-fedora-clang 1.5.5 158.10 NOTE
r-devel-linux-x86_64-fedora-gcc 1.5.5 156.84 OK
r-devel-windows-x86_64 1.5.5 251.00 212.00 463.00 NOTE
r-patched-linux-x86_64 1.5.5 31.40 67.28 98.68 OK
r-release-linux-x86_64 1.5.5 30.81 67.83 98.64 OK
r-release-macos-arm64 1.5.5 52.00 NOTE
r-release-macos-x86_64 1.5.5 68.00 NOTE
r-release-windows-x86_64 1.5.5 283.00 205.00 488.00 NOTE
r-oldrel-macos-arm64 1.5.5 72.00 NOTE
r-oldrel-macos-x86_64 1.5.5 136.00 NOTE
r-oldrel-windows-ix86+x86_64 1.5.5 81.00 160.00 241.00 NOTE

Check Details

Version: 1.5.5
Check: installed package size
Result: NOTE
     installed size is 5.5Mb
     sub-directories of 1Mb or more:
     doc 1.1Mb
     libs 1.3Mb
     projects 2.8Mb
Flavors: r-devel-linux-x86_64-fedora-clang, r-devel-windows-x86_64, r-release-macos-arm64, r-release-macos-x86_64, r-release-windows-x86_64, r-oldrel-macos-arm64, r-oldrel-macos-x86_64, r-oldrel-windows-ix86+x86_64