Last updated on 2023-03-25 16:49:54 CET.
Flavor | Version | Tinstall | Tcheck | Ttotal | Status | Flags |
---|---|---|---|---|---|---|
r-devel-linux-x86_64-debian-clang | 1.0-0 | 39.95 | 105.88 | 145.83 | NOTE | |
r-devel-linux-x86_64-debian-gcc | 1.0-0 | 32.75 | 76.21 | 108.96 | NOTE | |
r-devel-linux-x86_64-fedora-clang | 1.0-0 | 215.71 | NOTE | |||
r-devel-linux-x86_64-fedora-gcc | 1.0-0 | 198.93 | NOTE | |||
r-patched-linux-x86_64 | 1.0-0 | 34.32 | 96.93 | 131.25 | OK | |
r-release-linux-x86_64 | 1.0-0 | 34.86 | 97.66 | 132.52 | OK | |
r-release-macos-arm64 | 1.0-0 | 43.00 | OK | |||
r-release-macos-x86_64 | 1.0-0 | 62.00 | OK | |||
r-release-windows-x86_64 | 1.0-0 | 79.00 | 140.00 | 219.00 | OK | |
r-oldrel-macos-arm64 | 1.0-0 | 44.00 | OK | |||
r-oldrel-macos-x86_64 | 1.0-0 | 61.00 | OK | |||
r-oldrel-windows-ix86+x86_64 | 1.0-0 | 94.00 | 167.00 | 261.00 | OK |
Version: 1.0-0
Check: C++ specification
Result: NOTE
Specified C++11: please drop specification unless essential
Flavors: r-devel-linux-x86_64-debian-clang, r-devel-linux-x86_64-debian-gcc, r-devel-linux-x86_64-fedora-clang, r-devel-linux-x86_64-fedora-gcc