CRAN Package Check Results for Package rtry

Last updated on 2023-09-30 21:24:00 CEST.

Flavor Version Tinstall Tcheck Ttotal Status Flags
r-devel-linux-x86_64-debian-clang 1.1.0 2.89 41.11 44.00 OK
r-devel-linux-x86_64-debian-gcc 1.1.0 2.82 31.28 34.10 OK
r-devel-linux-x86_64-fedora-clang 1.1.0 54.92 NOTE
r-devel-linux-x86_64-fedora-gcc 1.1.0 63.96 NOTE
r-devel-windows-x86_64 1.1.0 6.00 57.00 63.00 OK
r-patched-linux-x86_64 1.1.0 2.57 39.61 42.18 OK
r-release-linux-x86_64 1.1.0 2.14 40.19 42.33 OK
r-release-macos-arm64 1.1.0 29.00 OK
r-release-macos-x86_64 1.1.0 53.00 OK
r-release-windows-x86_64 1.1.0 6.00 60.00 66.00 OK
r-oldrel-macos-arm64 1.1.0 27.00 OK
r-oldrel-macos-x86_64 1.1.0 38.00 OK
r-oldrel-windows-x86_64 1.1.0 6.00 60.00 66.00 OK

Check Details

Version: 1.1.0
Check: dependencies in R code
Result: NOTE
    Namespace in Imports field not imported from: ‘curl’
     All declared Imports should be used.
Flavors: r-devel-linux-x86_64-fedora-clang, r-devel-linux-x86_64-fedora-gcc

Version: 1.1.0
Check: data for non-ASCII characters
Result: NOTE
     Note: found 2023 marked Latin-1 strings
     Note: found 17 marked UTF-8 strings
Flavors: r-devel-linux-x86_64-fedora-clang, r-devel-linux-x86_64-fedora-gcc