CRAN Package Check Results for Package rtry

Last updated on 2022-09-30 01:49:24 CEST.

Flavor Version Tinstall Tcheck Ttotal Status Flags
r-devel-linux-x86_64-debian-clang 1.0.0 3.60 40.41 44.01 OK
r-devel-linux-x86_64-debian-gcc 1.0.0 2.71 31.01 33.72 OK
r-devel-linux-x86_64-fedora-clang 1.0.0 65.57 NOTE
r-devel-linux-x86_64-fedora-gcc 1.0.0 60.82 NOTE
r-devel-windows-x86_64 1.0.0 60.00 82.00 142.00 OK
r-patched-linux-x86_64 1.0.0 3.63 37.95 41.58 OK
r-release-linux-x86_64 1.0.0 2.11 37.88 39.99 OK
r-release-macos-arm64 1.0.0 31.00 NOTE
r-release-macos-x86_64 1.0.0 45.00 NOTE
r-release-windows-x86_64 1.0.0 28.00 79.00 107.00 OK
r-oldrel-macos-arm64 1.0.0 28.00 NOTE
r-oldrel-macos-x86_64 1.0.0 39.00 NOTE
r-oldrel-windows-ix86+x86_64 1.0.0 8.00 73.00 81.00 OK

Check Details

Version: 1.0.0
Check: dependencies in R code
Result: NOTE
    Namespace in Imports field not imported from: ‘curl’
     All declared Imports should be used.
Flavors: r-devel-linux-x86_64-fedora-clang, r-devel-linux-x86_64-fedora-gcc, r-release-macos-arm64, r-release-macos-x86_64, r-oldrel-macos-arm64, r-oldrel-macos-x86_64

Version: 1.0.0
Check: data for non-ASCII characters
Result: NOTE
     Note: found 2023 marked Latin-1 strings
     Note: found 17 marked UTF-8 strings
Flavors: r-devel-linux-x86_64-fedora-clang, r-devel-linux-x86_64-fedora-gcc, r-release-macos-arm64, r-release-macos-x86_64, r-oldrel-macos-arm64, r-oldrel-macos-x86_64