Last updated on 2023-01-29 18:53:20 CET.
Flavor | Version | Tinstall | Tcheck | Ttotal | Status | Flags |
---|---|---|---|---|---|---|
r-devel-linux-x86_64-debian-clang | 0.1.3 | 3.42 | 29.87 | 33.29 | OK | |
r-devel-linux-x86_64-debian-gcc | 0.1.3 | 2.60 | 23.61 | 26.21 | OK | |
r-devel-linux-x86_64-fedora-clang | 0.1.3 | 42.85 | NOTE | |||
r-devel-linux-x86_64-fedora-gcc | 0.1.3 | 43.85 | NOTE | |||
r-devel-windows-x86_64 | 0.1.3 | 25.00 | 62.00 | 87.00 | OK | |
r-patched-linux-x86_64 | 0.1.3 | 3.27 | 29.77 | 33.04 | OK | |
r-release-linux-x86_64 | 0.1.3 | 2.94 | 29.70 | 32.64 | OK | |
r-release-macos-arm64 | 0.1.3 | 18.00 | OK | |||
r-release-macos-x86_64 | 0.1.3 | 24.00 | OK | |||
r-release-windows-x86_64 | 0.1.3 | 14.00 | 57.00 | 71.00 | OK | |
r-oldrel-macos-arm64 | 0.1.3 | 18.00 | OK | |||
r-oldrel-macos-x86_64 | 0.1.3 | 26.00 | OK | |||
r-oldrel-windows-ix86+x86_64 | 0.1.3 | 9.00 | 56.00 | 65.00 | OK |
Version: 0.1.3
Check: package dependencies
Result: NOTE
Package suggested but not available for checking: ‘RQuantLib’
Flavors: r-devel-linux-x86_64-fedora-clang, r-devel-linux-x86_64-fedora-gcc