CRAN Package Check Results for Package rtweet

Last updated on 2018-06-22 04:49:23 CEST.

Flavor Version Tinstall Tcheck Ttotal Status Flags
r-devel-linux-x86_64-debian-clang 0.6.7 7.03 46.10 53.13 OK
r-devel-linux-x86_64-debian-gcc 0.6.7 7.33 40.52 47.85 OK
r-devel-linux-x86_64-fedora-clang 0.6.7 61.53 NOTE
r-devel-linux-x86_64-fedora-gcc 0.6.7 60.15 NOTE
r-devel-windows-ix86+x86_64 0.6.7 16.00 78.00 94.00 OK
r-patched-linux-x86_64 0.6.7 6.92 48.96 55.88 OK
r-patched-solaris-x86 0.6.7 84.50 NOTE
r-release-linux-x86_64 0.6.7 7.47 49.54 57.01 OK
r-release-windows-ix86+x86_64 0.6.7 11.00 58.00 69.00 OK
r-release-osx-x86_64 0.6.7 NOTE
r-oldrel-windows-ix86+x86_64 0.6.7 11.00 83.00 94.00 OK
r-oldrel-osx-x86_64 0.6.0 NOTE

Check Details

Version: 0.6.7
Check: data for non-ASCII characters
Result: NOTE
     Note: found 113868 marked UTF-8 strings
Flavors: r-devel-linux-x86_64-fedora-clang, r-devel-linux-x86_64-fedora-gcc, r-patched-solaris-x86, r-release-osx-x86_64

Version: 0.6.0
Check: data for non-ASCII characters
Result: NOTE
     Note: found 113868 marked UTF-8 strings
Flavor: r-oldrel-osx-x86_64