CRAN Package Check Results for Package rtweet

Last updated on 2019-05-21 10:48:36 CEST.

Flavor Version Tinstall Tcheck Ttotal Status Flags
r-devel-linux-x86_64-debian-clang 0.6.8 10.02 54.92 64.94 OK
r-devel-linux-x86_64-debian-gcc 0.6.9 18.49 48.98 67.47 OK
r-devel-linux-x86_64-fedora-clang 0.6.9 110.79 NOTE
r-devel-linux-x86_64-fedora-gcc 0.6.9 93.14 NOTE
r-devel-windows-ix86+x86_64 0.6.9 69.00 93.00 162.00 OK
r-patched-linux-x86_64 0.6.9 24.36 61.15 85.51 OK
r-patched-solaris-x86 0.6.9 133.50 NOTE
r-release-linux-x86_64 0.6.9 19.37 61.65 81.02 OK
r-release-windows-ix86+x86_64 0.6.9 75.00 129.00 204.00 OK
r-release-osx-x86_64 0.6.9 NOTE
r-oldrel-windows-ix86+x86_64 0.6.8 11.00 54.00 65.00 OK
r-oldrel-osx-x86_64 0.6.9 NOTE

Check Details

Version: 0.6.9
Check: data for non-ASCII characters
Result: NOTE
     Note: found 113868 marked UTF-8 strings
Flavors: r-devel-linux-x86_64-fedora-clang, r-devel-linux-x86_64-fedora-gcc, r-patched-solaris-x86, r-release-osx-x86_64, r-oldrel-osx-x86_64