CRAN Package Check Results for Package rtweet

Last updated on 2019-03-19 11:52:02 CET.

Flavor Version Tinstall Tcheck Ttotal Status Flags
r-devel-linux-x86_64-debian-clang 0.6.8 8.87 55.89 64.76 OK
r-devel-linux-x86_64-debian-gcc 0.6.8 7.95 44.46 52.41 OK
r-devel-linux-x86_64-fedora-clang 0.6.8 79.31 NOTE
r-devel-linux-x86_64-fedora-gcc 0.6.8 74.70 NOTE
r-devel-windows-ix86+x86_64 0.6.8 23.00 65.00 88.00 OK
r-patched-linux-x86_64 0.6.8 8.59 51.34 59.93 OK
r-patched-solaris-x86 0.6.8 94.70 NOTE
r-release-linux-x86_64 0.6.8 8.11 51.12 59.23 OK
r-release-windows-ix86+x86_64 0.6.8 15.00 57.00 72.00 OK
r-release-osx-x86_64 0.6.8 NOTE
r-oldrel-windows-ix86+x86_64 0.6.8 13.00 91.00 104.00 OK
r-oldrel-osx-x86_64 0.6.8 NOTE

Check Details

Version: 0.6.8
Check: data for non-ASCII characters
Result: NOTE
     Note: found 113868 marked UTF-8 strings
Flavors: r-devel-linux-x86_64-fedora-clang, r-devel-linux-x86_64-fedora-gcc, r-patched-solaris-x86, r-release-osx-x86_64, r-oldrel-osx-x86_64