CRAN Package Check Results for Package rtweet

Last updated on 2018-08-18 09:50:00 CEST.

Flavor Version Tinstall Tcheck Ttotal Status Flags
r-devel-linux-x86_64-debian-clang 0.6.7 9.76 51.85 61.61 OK
r-devel-linux-x86_64-debian-gcc 0.6.7 6.49 42.34 48.83 OK
r-devel-linux-x86_64-fedora-clang 0.6.7 71.36 NOTE
r-devel-linux-x86_64-fedora-gcc 0.6.7 72.24 NOTE
r-devel-windows-ix86+x86_64 0.6.7 17.00 85.00 102.00 OK
r-patched-linux-x86_64 0.6.7 8.86 48.72 57.58 OK
r-patched-solaris-x86 0.6.7 93.40 NOTE
r-release-linux-x86_64 0.6.7 8.24 49.01 57.25 OK
r-release-windows-ix86+x86_64 0.6.7 17.00 80.00 97.00 OK
r-release-osx-x86_64 0.6.7 NOTE
r-oldrel-windows-ix86+x86_64 0.6.7 7.00 88.00 95.00 OK
r-oldrel-osx-x86_64 0.6.7 NOTE

Check Details

Version: 0.6.7
Check: data for non-ASCII characters
Result: NOTE
     Note: found 113868 marked UTF-8 strings
Flavors: r-devel-linux-x86_64-fedora-clang, r-devel-linux-x86_64-fedora-gcc, r-patched-solaris-x86, r-release-osx-x86_64, r-oldrel-osx-x86_64