CRAN Package Check Results for Package rtweet

Last updated on 2019-01-18 16:52:52 CET.

Flavor Version Tinstall Tcheck Ttotal Status Flags
r-devel-linux-x86_64-debian-clang 0.6.8 8.19 56.65 64.84 OK
r-devel-linux-x86_64-debian-gcc 0.6.8 8.14 44.39 52.53 OK
r-devel-linux-x86_64-fedora-clang 0.6.8 79.78 NOTE
r-devel-linux-x86_64-fedora-gcc 0.6.8 74.22 NOTE
r-devel-windows-ix86+x86_64 0.6.8 17.00 69.00 86.00 OK
r-patched-linux-x86_64 0.6.8 8.28 50.70 58.98 OK
r-patched-solaris-x86 0.6.8 96.10 NOTE
r-release-linux-x86_64 0.6.8 10.04 51.67 61.71 OK
r-release-windows-ix86+x86_64 0.6.8 17.00 80.00 97.00 OK
r-release-osx-x86_64 0.6.8 NOTE
r-oldrel-windows-ix86+x86_64 0.6.8 12.00 64.00 76.00 OK
r-oldrel-osx-x86_64 0.6.8 NOTE

Check Details

Version: 0.6.8
Check: data for non-ASCII characters
Result: NOTE
     Note: found 113868 marked UTF-8 strings
Flavors: r-devel-linux-x86_64-fedora-clang, r-devel-linux-x86_64-fedora-gcc, r-patched-solaris-x86, r-release-osx-x86_64, r-oldrel-osx-x86_64