CRAN Package Check Results for Package rtweet

Last updated on 2018-10-22 11:48:41 CEST.

Flavor Version Tinstall Tcheck Ttotal Status Flags
r-devel-linux-x86_64-debian-clang 0.6.8 8.56 52.55 61.11 OK
r-devel-linux-x86_64-debian-gcc 0.6.8 7.54 43.91 51.45 OK
r-devel-linux-x86_64-fedora-clang 0.6.8 73.10 NOTE
r-devel-linux-x86_64-fedora-gcc 0.6.8 70.99 NOTE
r-devel-windows-ix86+x86_64 0.6.8 17.00 85.00 102.00 OK
r-patched-linux-x86_64 0.6.8 10.04 48.86 58.90 OK
r-patched-solaris-x86 0.6.8 93.20 NOTE
r-release-linux-x86_64 0.6.8 10.11 49.93 60.04 OK
r-release-windows-ix86+x86_64 0.6.8 20.00 80.00 100.00 OK
r-release-osx-x86_64 0.6.8 NOTE
r-oldrel-windows-ix86+x86_64 0.6.8 7.00 88.00 95.00 OK
r-oldrel-osx-x86_64 0.6.8 NOTE

Check Details

Version: 0.6.8
Check: data for non-ASCII characters
Result: NOTE
     Note: found 113868 marked UTF-8 strings
Flavors: r-devel-linux-x86_64-fedora-clang, r-devel-linux-x86_64-fedora-gcc, r-patched-solaris-x86, r-release-osx-x86_64, r-oldrel-osx-x86_64