CRAN Package Check Results for Package rugarch

Last updated on 2019-09-19 02:48:00 CEST.

Flavor Version Tinstall Tcheck Ttotal Status Flags
r-devel-linux-x86_64-debian-clang 1.4-1 82.45 273.47 355.92 OK
r-devel-linux-x86_64-debian-gcc 1.4-1 76.05 208.34 284.39 OK
r-devel-linux-x86_64-fedora-clang 1.4-1 438.37 NOTE
r-devel-linux-x86_64-fedora-gcc 1.4-1 437.43 OK
r-devel-windows-ix86+x86_64 1.4-1 168.00 385.00 553.00 NOTE
r-patched-linux-x86_64 1.4-1 82.18 275.69 357.87 OK
r-patched-solaris-x86 1.4-1 493.20 NOTE
r-release-linux-x86_64 1.4-1 81.11 276.23 357.34 OK
r-release-windows-ix86+x86_64 1.4-1 136.00 284.00 420.00 NOTE
r-release-osx-x86_64 1.4-1 NOTE
r-oldrel-windows-ix86+x86_64 1.4-1 119.00 269.00 388.00 NOTE
r-oldrel-osx-x86_64 1.4-1 NOTE

Check Details

Version: 1.4-1
Check: installed package size
Result: NOTE
     installed size is 7.5Mb
     sub-directories of 1Mb or more:
     R 2.9Mb
     libs 2.2Mb
Flavors: r-devel-linux-x86_64-fedora-clang, r-devel-windows-ix86+x86_64, r-patched-solaris-x86, r-release-windows-ix86+x86_64, r-release-osx-x86_64, r-oldrel-windows-ix86+x86_64, r-oldrel-osx-x86_64