Last updated on 2022-05-29 07:53:07 CEST.
Flavor | Version | Tinstall | Tcheck | Ttotal | Status | Flags |
---|---|---|---|---|---|---|
r-devel-linux-x86_64-debian-clang | 1.4-8 | 112.07 | 356.18 | 468.25 | OK | |
r-devel-linux-x86_64-debian-gcc | 1.4-8 | 83.94 | 260.67 | 344.61 | OK | |
r-devel-linux-x86_64-fedora-clang | 1.4-8 | 593.61 | NOTE | |||
r-devel-linux-x86_64-fedora-gcc | 1.4-8 | 539.50 | OK | |||
r-devel-windows-x86_64 | 1.4-8 | 191.00 | 361.00 | 552.00 | NOTE | |
r-patched-linux-x86_64 | 1.4-8 | 99.61 | 345.44 | 445.05 | OK | |
r-release-linux-x86_64 | 1.4-8 | 93.50 | 342.43 | 435.93 | OK | |
r-release-macos-arm64 | 1.4-8 | 105.00 | NOTE | |||
r-release-macos-x86_64 | 1.4-8 | 165.00 | NOTE | |||
r-release-windows-x86_64 | 1.4-8 | 246.00 | 363.00 | 609.00 | NOTE | |
r-oldrel-macos-arm64 | 1.4-8 | 105.00 | NOTE | |||
r-oldrel-macos-x86_64 | 1.4-8 | 166.00 | NOTE | |||
r-oldrel-windows-ix86+x86_64 | 1.4-8 | 191.00 | 409.00 | 600.00 | NOTE |
Version: 1.4-8
Check: installed package size
Result: NOTE
installed size is 6.9Mb
sub-directories of 1Mb or more:
R 3.0Mb
libs 1.7Mb
Flavors: r-devel-linux-x86_64-fedora-clang, r-devel-windows-x86_64, r-release-macos-arm64, r-release-macos-x86_64, r-release-windows-x86_64, r-oldrel-macos-arm64, r-oldrel-macos-x86_64, r-oldrel-windows-ix86+x86_64