CRAN Package Check Results for Package rugarch

Last updated on 2019-04-25 15:54:16 CEST.

Flavor Version Tinstall Tcheck Ttotal Status Flags
r-devel-linux-x86_64-debian-clang 1.4-1 79.00 275.97 354.97 OK
r-devel-linux-x86_64-debian-gcc 1.4-1 68.21 209.15 277.36 OK
r-devel-linux-x86_64-fedora-clang 1.4-1 428.64 NOTE
r-devel-linux-x86_64-fedora-gcc 1.4-1 412.93 OK
r-devel-windows-ix86+x86_64 1.4-1 174.00 376.00 550.00 NOTE
r-patched-linux-x86_64 1.4-1 81.52 274.38 355.90 OK
r-patched-solaris-x86 1.4-1 492.00 NOTE
r-release-linux-x86_64 1.4-1 76.79 262.80 339.59 OK
r-release-windows-ix86+x86_64 1.4-1 117.00 360.00 477.00 NOTE
r-release-osx-x86_64 1.4-1 NOTE
r-oldrel-windows-ix86+x86_64 1.4-1 57.00 386.00 443.00 NOTE
r-oldrel-osx-x86_64 1.4-1 NOTE

Check Details

Version: 1.4-1
Check: installed package size
Result: NOTE
     installed size is 7.3Mb
     sub-directories of 1Mb or more:
     R 2.9Mb
     libs 2.0Mb
Flavors: r-devel-linux-x86_64-fedora-clang, r-devel-windows-ix86+x86_64, r-patched-solaris-x86, r-release-windows-ix86+x86_64, r-release-osx-x86_64, r-oldrel-windows-ix86+x86_64, r-oldrel-osx-x86_64