CRAN Package Check Results for Package ruin

Last updated on 2024-05-19 00:14:16 CEST.

Flavor Version Tinstall Tcheck Ttotal Status Flags
r-devel-linux-x86_64-debian-clang 0.1.1 3.79 71.42 75.21 NOTE
r-devel-linux-x86_64-debian-gcc 0.1.1 3.42 52.15 55.57 NOTE
r-devel-linux-x86_64-fedora-clang 0.1.1 93.68 NOTE
r-devel-linux-x86_64-fedora-gcc 0.1.1 119.65 NOTE
r-devel-windows-x86_64 0.1.1 5.00 70.00 75.00 NOTE
r-patched-linux-x86_64 0.1.1 9.61 69.17 78.78 NOTE
r-release-linux-x86_64 0.1.1 4.52 67.30 71.82 NOTE
r-release-macos-arm64 0.1.1 33.00 NOTE
r-release-windows-x86_64 0.1.1 5.00 73.00 78.00 NOTE
r-oldrel-macos-arm64 0.1.1 34.00 NOTE
r-oldrel-macos-x86_64 0.1.1 55.00 NOTE
r-oldrel-windows-x86_64 0.1.1 6.00 85.00 91.00 NOTE

Check Details

Version: 0.1.1
Check: LazyData
Result: NOTE 'LazyData' is specified without a 'data' directory Flavors: r-devel-linux-x86_64-debian-clang, r-devel-linux-x86_64-debian-gcc, r-devel-linux-x86_64-fedora-clang, r-devel-linux-x86_64-fedora-gcc, r-devel-windows-x86_64, r-patched-linux-x86_64, r-release-linux-x86_64, r-release-macos-arm64, r-release-windows-x86_64, r-oldrel-macos-arm64, r-oldrel-macos-x86_64, r-oldrel-windows-x86_64