Last updated on 2022-07-02 00:50:57 CEST.
Flavor | Version | Tinstall | Tcheck | Ttotal | Status | Flags |
---|---|---|---|---|---|---|
r-devel-linux-x86_64-debian-clang | 0.2.4 | 7.03 | 75.29 | 82.32 | NOTE | |
r-devel-linux-x86_64-debian-gcc | 0.2.4 | 3.32 | 56.64 | 59.96 | NOTE | |
r-devel-linux-x86_64-fedora-clang | 0.2.4 | 104.06 | NOTE | |||
r-devel-linux-x86_64-fedora-gcc | 0.2.4 | 107.70 | NOTE | |||
r-devel-windows-x86_64 | 0.2.4 | 19.00 | 104.00 | 123.00 | NOTE | |
r-patched-linux-x86_64 | 0.2.4 | 11.98 | 69.27 | 81.25 | NOTE | |
r-release-linux-x86_64 | 0.2.4 | 4.10 | 70.07 | 74.17 | NOTE | |
r-release-macos-arm64 | 0.2.4 | 32.00 | NOTE | |||
r-release-macos-x86_64 | 0.2.4 | 57.00 | NOTE | |||
r-release-windows-x86_64 | 0.2.4 | 30.00 | 106.00 | 136.00 | NOTE | |
r-oldrel-macos-arm64 | 0.2.4 | 33.00 | NOTE | |||
r-oldrel-macos-x86_64 | 0.2.4 | 54.00 | NOTE | |||
r-oldrel-windows-ix86+x86_64 | 0.2.4 | 15.00 | 96.00 | 111.00 | NOTE |
Version: 0.2.4
Check: LazyData
Result: NOTE
'LazyData' is specified without a 'data' directory
Flavors: r-devel-linux-x86_64-debian-clang, r-devel-linux-x86_64-debian-gcc, r-devel-linux-x86_64-fedora-clang, r-devel-linux-x86_64-fedora-gcc, r-devel-windows-x86_64, r-patched-linux-x86_64, r-release-linux-x86_64, r-release-macos-arm64, r-release-macos-x86_64, r-release-windows-x86_64, r-oldrel-macos-arm64, r-oldrel-macos-x86_64, r-oldrel-windows-ix86+x86_64