CRAN Package Check Results for Package rumidas

Last updated on 2020-11-25 02:49:15 CET.

Flavor Version Tinstall Tcheck Ttotal Status Flags
r-devel-linux-x86_64-debian-clang 0.1.0 7.95 63.83 71.78 OK
r-devel-linux-x86_64-debian-gcc 0.1.0 6.73 50.43 57.16 OK
r-devel-linux-x86_64-fedora-clang 0.1.0 95.53 OK
r-devel-linux-x86_64-fedora-gcc 0.1.0 82.09 OK
r-devel-windows-ix86+x86_64 0.1.0 17.00 88.00 105.00 OK
r-patched-linux-x86_64 0.1.0 8.36 62.04 70.40 OK
r-patched-solaris-x86 0.1.0 122.70 OK
r-release-linux-x86_64 0.1.0 8.61 61.42 70.03 OK
r-release-macos-x86_64 0.1.0 OK
r-release-windows-ix86+x86_64 0.1.0 17.00 80.00 97.00 OK
r-oldrel-macos-x86_64 0.1.0 ERROR

Check Details

Version: 0.1.0
Check: package dependencies
Result: ERROR
    Packages required and available but unsuitable versions: 'stats', 'utils'
    
    See section ‘The DESCRIPTION file’ in the ‘Writing R Extensions’
    manual.
Flavor: r-oldrel-macos-x86_64