CRAN Package Check Results for Package runes

Last updated on 2021-06-17 21:52:57 CEST.

Flavor Version Tinstall Tcheck Ttotal Status Flags
r-devel-linux-x86_64-debian-clang 0.1.0 2.13 22.47 24.60 NOTE
r-devel-linux-x86_64-debian-gcc 0.1.0 1.74 17.61 19.35 NOTE
r-devel-linux-x86_64-fedora-clang 0.1.0 39.13 NOTE
r-devel-linux-x86_64-fedora-gcc 0.1.0 28.18 NOTE
r-devel-windows-x86_64 0.1.0 4.00 31.00 35.00 NOTE
r-devel-windows-x86_64-gcc10-UCRT 0.1.0 NOTE
r-patched-linux-x86_64 0.1.0 1.88 21.98 23.86 NOTE
r-patched-solaris-x86 0.1.0 44.30 NOTE
r-release-linux-x86_64 0.1.0 1.86 21.71 23.57 NOTE
r-release-macos-arm64 0.1.0 NOTE
r-release-macos-x86_64 0.1.0 NOTE
r-release-windows-ix86+x86_64 0.1.0 4.00 34.00 38.00 NOTE
r-oldrel-macos-x86_64 0.1.0 OK
r-oldrel-windows-ix86+x86_64 0.1.0 5.00 36.00 41.00 OK

Check Details

Version: 0.1.0
Check: LazyData
Result: NOTE
     'LazyData' is specified without a 'data' directory
Flavors: r-devel-linux-x86_64-debian-clang, r-devel-linux-x86_64-debian-gcc, r-devel-linux-x86_64-fedora-clang, r-devel-linux-x86_64-fedora-gcc, r-devel-windows-x86_64, r-devel-windows-x86_64-gcc10-UCRT, r-patched-linux-x86_64, r-patched-solaris-x86, r-release-linux-x86_64, r-release-macos-arm64, r-release-macos-x86_64, r-release-windows-ix86+x86_64