CRAN Package Check Results for Package runjags

Last updated on 2022-08-13 22:50:11 CEST.

Flavor Version Tinstall Tcheck Ttotal Status Flags
r-devel-linux-x86_64-debian-clang 2.2.1-7 31.81 249.79 281.60 NOTE
r-devel-linux-x86_64-debian-gcc 2.2.1-7 22.98 180.56 203.54 NOTE
r-devel-linux-x86_64-fedora-clang 2.2.1-7 357.13 NOTE
r-devel-linux-x86_64-fedora-gcc 2.2.1-7 385.28 NOTE
r-devel-windows-x86_64 2.2.1-7 62.00 90.00 152.00 NOTE --no-examples --no-tests --no-vignettes
r-patched-linux-x86_64 2.2.1-7 30.66 240.30 270.96 OK
r-release-linux-x86_64 2.2.1-7 31.51 235.38 266.89 OK
r-release-macos-arm64 2.2.1-7 188.00 OK
r-release-macos-x86_64 2.2.1-7 177.00 NOTE
r-release-windows-x86_64 2.2.1-7 62.00 91.00 153.00 OK --no-examples --no-tests --no-vignettes
r-oldrel-macos-arm64 2.2.1-7 201.00 OK
r-oldrel-macos-x86_64 2.2.1-7 256.00 OK
r-oldrel-windows-ix86+x86_64 2.2.1-7 63.00 105.00 168.00 OK --no-examples --no-tests --no-vignettes

Check Details

Version: 2.2.1-7
Check: Rd files
Result: NOTE
    checkRd: (-1) run.jags.study.Rd:67: Escaped LaTeX specials: \$
Flavors: r-devel-linux-x86_64-debian-clang, r-devel-linux-x86_64-debian-gcc, r-devel-linux-x86_64-fedora-clang, r-devel-linux-x86_64-fedora-gcc

Version: 2.2.1-7
Flags: --no-examples --no-tests --no-vignettes
Check: Rd files
Result: NOTE
    checkRd: (-1) run.jags.study.Rd:67: Escaped LaTeX specials: \$
Flavor: r-devel-windows-x86_64

Version: 2.2.1-7
Check: package dependencies
Result: NOTE
    Package suggested but not available for checking: ‘rjags’
Flavor: r-release-macos-x86_64

Version: 2.2.1-7
Check: Rd cross-references
Result: NOTE
    Package unavailable to check Rd xrefs: ‘rjags’
Flavor: r-release-macos-x86_64