CRAN Package Check Results for Package runonce

Last updated on 2020-11-24 15:52:19 CET.

Flavor Version Tinstall Tcheck Ttotal Status Flags
r-devel-linux-x86_64-debian-clang 0.2.2 2.50 23.36 25.86 OK
r-devel-linux-x86_64-debian-gcc 0.2.2 2.13 19.72 21.85 OK
r-devel-linux-x86_64-fedora-clang 0.2.2 37.57 NOTE
r-devel-linux-x86_64-fedora-gcc 0.2.2 27.93 NOTE
r-devel-windows-ix86+x86_64 0.2.2 6.00 56.00 62.00 OK
r-patched-linux-x86_64 0.2.2 2.25 24.27 26.52 OK
r-patched-solaris-x86 0.2.2 44.30 NOTE
r-release-linux-x86_64 0.2.2 2.44 23.48 25.92 OK
r-release-macos-x86_64 0.2.2 NOTE
r-release-windows-ix86+x86_64 0.2.2 4.00 52.00 56.00 OK
r-oldrel-macos-x86_64 0.2.2 NOTE
r-oldrel-windows-ix86+x86_64 0.2.2 2.00 50.00 52.00 OK

Check Details

Version: 0.2.2
Check: dependencies in R code
Result: NOTE
    Namespace in Imports field not imported from: ‘urltools’
     All declared Imports should be used.
Flavors: r-devel-linux-x86_64-fedora-clang, r-devel-linux-x86_64-fedora-gcc, r-patched-solaris-x86, r-release-macos-x86_64, r-oldrel-macos-x86_64