CRAN Package Check Results for Package ruta

Last updated on 2022-11-28 05:52:35 CET.

Flavor Version Tinstall Tcheck Ttotal Status Flags
r-devel-linux-x86_64-debian-clang 1.1.0 5.79 55.20 60.99 NOTE
r-devel-linux-x86_64-debian-gcc 1.1.0 4.96 42.79 47.75 NOTE
r-devel-linux-x86_64-fedora-clang 1.1.0 88.74 NOTE
r-devel-linux-x86_64-fedora-gcc 1.1.0 86.41 NOTE
r-devel-windows-x86_64 1.1.0 37.00 105.00 142.00 NOTE
r-patched-linux-x86_64 1.1.0 7.02 50.48 57.50 NOTE
r-release-linux-x86_64 1.1.0 6.59 50.82 57.41 NOTE
r-release-macos-arm64 1.1.0 25.00 NOTE
r-release-macos-x86_64 1.1.0 47.00 NOTE
r-release-windows-x86_64 1.1.0 10.00 95.00 105.00 NOTE
r-oldrel-macos-arm64 1.1.0 35.00 NOTE
r-oldrel-macos-x86_64 1.1.0 40.00 NOTE
r-oldrel-windows-ix86+x86_64 1.1.0 13.00 79.00 92.00 NOTE

Additional issues

donttest

Check Details

Version: 1.1.0
Check: LazyData
Result: NOTE
     'LazyData' is specified without a 'data' directory
Flavors: r-devel-linux-x86_64-debian-clang, r-devel-linux-x86_64-debian-gcc, r-devel-linux-x86_64-fedora-clang, r-devel-linux-x86_64-fedora-gcc, r-devel-windows-x86_64, r-patched-linux-x86_64, r-release-linux-x86_64, r-release-macos-arm64, r-release-macos-x86_64, r-release-windows-x86_64, r-oldrel-macos-arm64, r-oldrel-macos-x86_64, r-oldrel-windows-ix86+x86_64