CRAN Package Check Results for Package ruv

Last updated on 2024-07-18 14:48:48 CEST.

Flavor Version Tinstall Tcheck Ttotal Status Flags
r-devel-linux-x86_64-debian-clang 0.9.7.1 13.66 73.27 86.93 NOTE
r-devel-linux-x86_64-debian-gcc 0.9.7.1 8.88 55.38 64.26 NOTE
r-devel-linux-x86_64-fedora-clang 0.9.7.1 105.25 NOTE
r-devel-linux-x86_64-fedora-gcc 0.9.7.1 101.42 NOTE
r-devel-windows-x86_64 0.9.7.1 15.00 75.00 90.00 NOTE
r-patched-linux-x86_64 0.9.7.1 9.92 71.33 81.25 NOTE
r-release-linux-x86_64 0.9.7.1 11.51 69.42 80.93 NOTE
r-release-macos-arm64 0.9.7.1 32.00 NOTE
r-release-macos-x86_64 0.9.7.1 47.00 NOTE
r-release-windows-x86_64 0.9.7.1 16.00 76.00 92.00 NOTE
r-oldrel-macos-arm64 0.9.7.1 31.00 OK
r-oldrel-macos-x86_64 0.9.7.1 43.00 OK
r-oldrel-windows-x86_64 0.9.7.1 18.00 85.00 103.00 OK

Check Details

Version: 0.9.7.1
Check: Rd files
Result: NOTE checkRd: (-1) RUVIII.Rd:51: Lost braces 51 | If code{return.info} is \code{TRUE}, a list is returned that contains: | ^ Flavors: r-devel-linux-x86_64-debian-clang, r-devel-linux-x86_64-debian-gcc, r-devel-linux-x86_64-fedora-clang, r-devel-linux-x86_64-fedora-gcc, r-devel-windows-x86_64, r-patched-linux-x86_64, r-release-linux-x86_64, r-release-macos-arm64, r-release-macos-x86_64, r-release-windows-x86_64