Last updated on 2023-09-29 23:13:44 CEST.
Flavor | Version | Tinstall | Tcheck | Ttotal | Status | Flags |
---|---|---|---|---|---|---|
r-devel-linux-x86_64-debian-clang | 2.3.5 | 6.09 | 64.80 | 70.89 | NOTE | |
r-devel-linux-x86_64-debian-gcc | 2.3.5 | 5.77 | 48.72 | 54.49 | NOTE | |
r-devel-linux-x86_64-fedora-clang | 2.3.5 | 89.99 | NOTE | |||
r-devel-linux-x86_64-fedora-gcc | 2.3.5 | 100.72 | NOTE | |||
r-devel-windows-x86_64 | 2.3.5 | 6.00 | 85.00 | 91.00 | NOTE | |
r-patched-linux-x86_64 | 2.3.5 | 8.86 | 62.98 | 71.84 | NOTE | |
r-release-linux-x86_64 | 2.3.5 | 5.62 | 62.19 | 67.81 | NOTE | |
r-release-macos-arm64 | 2.3.5 | 39.00 | OK | |||
r-release-macos-x86_64 | 2.3.5 | 57.00 | NOTE | |||
r-release-windows-x86_64 | 2.3.5 | 10.00 | 95.00 | 105.00 | NOTE | |
r-oldrel-macos-arm64 | 2.3.5 | 29.00 | OK | |||
r-oldrel-macos-x86_64 | 2.3.5 | 38.00 | OK | |||
r-oldrel-windows-x86_64 | 2.3.5 | 11.00 | 78.00 | 89.00 | OK |
Version: 2.3.5
Check: Rd \usage sections
Result: NOTE
Documented arguments not in \usage in documentation object 'summary.rv':
‘all.levels’
Functions with \usage entries need to have the appropriate \alias
entries, and all their arguments documented.
The \usage entries must correspond to syntactically valid R code.
See chapter ‘Writing R documentation files’ in the ‘Writing R
Extensions’ manual.
S3 methods shown with full name in documentation object 'matmult':
‘%*%.rv’
The \usage entries for S3 methods should use the \method markup and not
their full name.
See chapter ‘Writing R documentation files’ in the ‘Writing R
Extensions’ manual.
Flavors: r-devel-linux-x86_64-debian-clang, r-devel-linux-x86_64-debian-gcc, r-devel-linux-x86_64-fedora-clang, r-devel-linux-x86_64-fedora-gcc, r-devel-windows-x86_64
Version: 2.3.5
Check: Rd \usage sections
Result: NOTE
S3 methods shown with full name in documentation object 'matmult':
‘%*%.rv’
The \usage entries for S3 methods should use the \method markup and not
their full name.
See chapter ‘Writing R documentation files’ in the ‘Writing R
Extensions’ manual.
Flavors: r-patched-linux-x86_64, r-release-linux-x86_64, r-release-macos-x86_64, r-release-windows-x86_64