CRAN Package Check Results for Package rvest

Last updated on 2020-01-23 16:49:42 CET.

Flavor Version Tinstall Tcheck Ttotal Status Flags
r-devel-linux-x86_64-debian-clang 0.3.5 3.16 34.94 38.10 OK
r-devel-linux-x86_64-debian-gcc 0.3.5 3.14 27.52 30.66 OK
r-devel-linux-x86_64-fedora-clang 0.3.5 47.03 OK
r-devel-linux-x86_64-fedora-gcc 0.3.5 46.00 OK
r-devel-windows-ix86+x86_64 0.3.5 15.00 75.00 90.00 OK
r-devel-windows-ix86+x86_64-gcc8 0.3.5 12.00 64.00 76.00 OK
r-patched-linux-x86_64 0.3.5 2.77 31.26 34.03 ERROR
r-patched-solaris-x86 0.3.5 64.10 OK
r-release-linux-x86_64 0.3.5 2.79 32.06 34.85 OK
r-release-windows-ix86+x86_64 0.3.5 7.00 76.00 83.00 OK
r-release-osx-x86_64 0.3.5 OK
r-oldrel-windows-ix86+x86_64 0.3.5 4.00 55.00 59.00 OK
r-oldrel-osx-x86_64 0.3.5 OK

Additional issues

noSuggests

Check Details

Version: 0.3.5
Check: examples
Result: ERROR
    Running examples in ‘rvest-Ex.R’ failed
    The error most likely occurred in:
    
    > base::assign(".ptime", proc.time(), pos = "CheckExEnv")
    > ### Name: html_nodes
    > ### Title: Select nodes from an HTML document
    > ### Aliases: html_nodes html_node
    >
    > ### ** Examples
    >
    > # CSS selectors ----------------------------------------------
    > url <- paste0(
    + "https://web.archive.org/web/20190202054736/",
    + "https://www.boxofficemojo.com/movies/?id=ateam.htm"
    + )
    > ateam <- read_html(url)
    Error in open.connection(x, "rb") : HTTP error 503.
    Calls: read_html -> read_html.default
    Execution halted
Flavor: r-patched-linux-x86_64