CRAN Package Check Results for Package rvest

Last updated on 2021-10-16 02:49:43 CEST.

Flavor Version Tinstall Tcheck Ttotal Status Flags
r-devel-linux-x86_64-debian-clang 1.0.1 4.56 41.54 46.10 ERROR
r-devel-linux-x86_64-debian-gcc 1.0.1 3.34 32.88 36.22 ERROR
r-devel-linux-x86_64-fedora-clang 1.0.1 64.41 OK
r-devel-linux-x86_64-fedora-gcc 1.0.1 53.77 OK
r-devel-windows-x86_64 1.0.1 6.00 63.00 69.00 ERROR
r-devel-windows-x86_64-gcc10-UCRT 1.0.1 OK
r-patched-linux-x86_64 1.0.1 4.70 41.06 45.76 ERROR
r-patched-solaris-x86 1.0.1 79.20 OK
r-release-linux-x86_64 1.0.1 4.35 40.45 44.80 ERROR
r-release-macos-arm64 1.0.1 OK
r-release-macos-x86_64 1.0.1 OK
r-release-windows-ix86+x86_64 1.0.1 9.00 70.00 79.00 OK
r-oldrel-macos-x86_64 1.0.1 OK
r-oldrel-windows-ix86+x86_64 1.0.1 9.00 70.00 79.00 OK

Check Details

Version: 1.0.1
Check: tests
Result: ERROR
     Running 'spelling.R' [0s/1s]
     Running 'testthat.R' [6s/12s]
    Running the tests in 'tests/testthat.R' failed.
    Complete output:
     > library(testthat)
     > library(rvest)
     >
     > test_check("rvest")
     == Skipped tests ===============================================================
     * On CRAN (29)
    
     == Failed tests ================================================================
     -- Failure (test-encoding.R:15:3): encoding repair is deprecated ---------------
     `repair_encoding(text)` did not throw the expected error.
    
     [ FAIL 1 | WARN 0 | SKIP 29 | PASS 92 ]
     Error: Test failures
     Execution halted
Flavor: r-devel-linux-x86_64-debian-clang

Version: 1.0.1
Check: tests
Result: ERROR
     Running ‘spelling.R’ [0s/1s]
     Running ‘testthat.R’ [4s/11s]
    Running the tests in ‘tests/testthat.R’ failed.
    Complete output:
     > library(testthat)
     > library(rvest)
     >
     > test_check("rvest")
     ══ Skipped tests ═══════════════════════════════════════════════════════════════
     • On CRAN (29)
    
     ══ Failed tests ════════════════════════════════════════════════════════════════
     ── Failure (test-encoding.R:15:3): encoding repair is deprecated ───────────────
     `repair_encoding(text)` did not throw the expected error.
    
     [ FAIL 1 | WARN 0 | SKIP 29 | PASS 92 ]
     Error: Test failures
     Execution halted
Flavor: r-devel-linux-x86_64-debian-gcc

Version: 1.0.1
Check: examples
Result: ERROR
    Running examples in 'rvest-Ex.R' failed
    The error most likely occurred in:
    
    > ### Name: html_attr
    > ### Title: Get element attributes
    > ### Aliases: html_attr html_attrs
    >
    > ### ** Examples
    >
    > url <- "https://en.wikipedia.org/w/index.php?title=The_Lego_Movie&oldid=998422565"
    > html <- read_html(url)
    Error in open.connection(x, "rb") :
     Timeout was reached: [en.wikipedia.org] Connection timed out after 10015 milliseconds
    Calls: read_html -> read_html.default
    Execution halted
Flavor: r-devel-windows-x86_64

Version: 1.0.1
Check: tests
Result: ERROR
     Running ‘spelling.R’ [0s/1s]
     Running ‘testthat.R’ [6s/12s]
    Running the tests in ‘tests/testthat.R’ failed.
    Complete output:
     > library(testthat)
     > library(rvest)
     >
     > test_check("rvest")
     ══ Skipped tests ═══════════════════════════════════════════════════════════════
     • On CRAN (29)
    
     ══ Failed tests ════════════════════════════════════════════════════════════════
     ── Failure (test-encoding.R:15:3): encoding repair is deprecated ───────────────
     `repair_encoding(text)` did not throw the expected error.
    
     [ FAIL 1 | WARN 0 | SKIP 29 | PASS 92 ]
     Error: Test failures
     Execution halted
Flavor: r-patched-linux-x86_64

Version: 1.0.1
Check: tests
Result: ERROR
     Running ‘spelling.R’ [0s/1s]
     Running ‘testthat.R’ [5s/11s]
    Running the tests in ‘tests/testthat.R’ failed.
    Complete output:
     > library(testthat)
     > library(rvest)
     >
     > test_check("rvest")
     ══ Skipped tests ═══════════════════════════════════════════════════════════════
     • On CRAN (29)
    
     ══ Failed tests ════════════════════════════════════════════════════════════════
     ── Failure (test-encoding.R:15:3): encoding repair is deprecated ───────────────
     `repair_encoding(text)` did not throw the expected error.
    
     [ FAIL 1 | WARN 0 | SKIP 29 | PASS 92 ]
     Error: Test failures
     Execution halted
Flavor: r-release-linux-x86_64