Last updated on 2023-02-01 08:59:54 CET.
Flavor | Version | Tinstall | Tcheck | Ttotal | Status | Flags |
---|---|---|---|---|---|---|
r-devel-linux-x86_64-debian-clang | 1.0.3 | 5.99 | 53.12 | 59.11 | OK | |
r-devel-linux-x86_64-debian-gcc | 1.0.3 | 4.57 | 41.18 | 45.75 | OK | |
r-devel-linux-x86_64-fedora-clang | 1.0.3 | 77.42 | NOTE | |||
r-devel-linux-x86_64-fedora-gcc | 1.0.3 | 83.07 | NOTE | |||
r-devel-windows-x86_64 | 1.0.3 | 31.00 | 88.00 | 119.00 | OK | |
r-patched-linux-x86_64 | 1.0.3 | 5.52 | 52.03 | 57.55 | OK | |
r-release-linux-x86_64 | 1.0.3 | 5.37 | 50.50 | 55.87 | OK | |
r-release-macos-arm64 | 1.0.3 | 34.00 | NOTE | |||
r-release-macos-x86_64 | 1.0.3 | 41.00 | NOTE | |||
r-release-windows-x86_64 | 1.0.3 | 32.00 | 94.00 | 126.00 | OK | |
r-oldrel-macos-arm64 | 1.0.3 | 32.00 | NOTE | |||
r-oldrel-macos-x86_64 | 1.0.3 | 48.00 | NOTE | |||
r-oldrel-windows-ix86+x86_64 | 1.0.3 | 11.00 | 78.00 | 89.00 | OK |
Version: 1.0.3
Check: dependencies in R code
Result: NOTE
Namespaces in Imports field not imported from:
‘cli’ ‘withr’
All declared Imports should be used.
Flavors: r-devel-linux-x86_64-fedora-clang, r-devel-linux-x86_64-fedora-gcc, r-release-macos-arm64, r-release-macos-x86_64, r-oldrel-macos-arm64, r-oldrel-macos-x86_64