CRAN Package Check Results for Package rvinecopulib

Last updated on 2021-09-19 02:50:38 CEST.

Flavor Version Tinstall Tcheck Ttotal Status Flags
r-devel-linux-x86_64-debian-clang 0.5.5.1.1 148.25 73.09 221.34 NOTE
r-devel-linux-x86_64-debian-gcc 0.5.5.1.1 118.72 56.97 175.69 NOTE
r-devel-linux-x86_64-fedora-clang 0.5.5.1.1 310.86 NOTE
r-devel-linux-x86_64-fedora-gcc 0.5.5.1.1 310.67 NOTE
r-devel-windows-x86_64 0.5.5.1.1 121.00 124.00 245.00 NOTE
r-devel-windows-x86_64-gcc10-UCRT 0.5.5.1.1 ERROR
r-patched-linux-x86_64 0.5.5.1.1 136.92 71.94 208.86 NOTE
r-patched-solaris-x86 0.5.5.1.1 277.10 NOTE
r-release-linux-x86_64 0.5.5.1.1 132.94 70.88 203.82 NOTE
r-release-macos-arm64 0.5.5.1.1 NOTE
r-release-macos-x86_64 0.5.5.1.1 NOTE
r-release-windows-ix86+x86_64 0.5.5.1.1 307.00 136.00 443.00 NOTE
r-oldrel-macos-x86_64 0.5.5.1.1 NOTE
r-oldrel-windows-ix86+x86_64 0.5.5.1.1 305.00 138.00 443.00 NOTE

Check Details

Version: 0.5.5.1.1
Check: LazyData
Result: NOTE
     'LazyData' is specified without a 'data' directory
Flavors: r-devel-linux-x86_64-debian-clang, r-devel-linux-x86_64-debian-gcc, r-devel-linux-x86_64-fedora-clang, r-devel-linux-x86_64-fedora-gcc, r-devel-windows-x86_64, r-patched-linux-x86_64, r-patched-solaris-x86, r-release-linux-x86_64, r-release-macos-arm64, r-release-macos-x86_64, r-release-windows-ix86+x86_64

Version: 0.5.5.1.1
Check: installed package size
Result: NOTE
     installed size is 52.8Mb
     sub-directories of 1Mb or more:
     include 4.0Mb
     libs 48.5Mb
Flavors: r-devel-linux-x86_64-fedora-clang, r-devel-windows-x86_64, r-patched-solaris-x86, r-release-macos-arm64, r-release-macos-x86_64, r-release-windows-ix86+x86_64, r-oldrel-macos-x86_64, r-oldrel-windows-ix86+x86_64

Version: 0.5.5.1.1
Check: whether package can be installed
Result: ERROR
    Installation failed.
Flavor: r-devel-windows-x86_64-gcc10-UCRT