CRAN Package Check Results for Package rvmethod

Last updated on 2022-12-08 02:51:12 CET.

Flavor Version Tinstall Tcheck Ttotal Status Flags
r-devel-linux-x86_64-debian-clang 0.1.2 2.74 42.88 45.62 NOTE
r-devel-linux-x86_64-debian-gcc 0.1.2 3.12 32.10 35.22 NOTE
r-devel-linux-x86_64-fedora-clang 0.1.2 66.89 NOTE
r-devel-linux-x86_64-fedora-gcc 0.1.2 65.91 NOTE
r-devel-windows-x86_64 0.1.2 24.00 69.00 93.00 NOTE
r-patched-linux-x86_64 0.1.2 3.87 40.19 44.06 OK
r-release-linux-x86_64 0.1.2 4.07 39.38 43.45 OK
r-release-macos-arm64 0.1.2 18.00 OK
r-release-macos-x86_64 0.1.2 28.00 OK
r-release-windows-x86_64 0.1.2 15.00 66.00 81.00 OK
r-oldrel-macos-arm64 0.1.2 22.00 OK
r-oldrel-macos-x86_64 0.1.2 37.00 OK
r-oldrel-windows-ix86+x86_64 0.1.2 8.00 63.00 71.00 OK

Check Details

Version: 0.1.2
Check: package subdirectories
Result: NOTE
    Problems with news in 'NEWS.md':
    No news entries found.
Flavors: r-devel-linux-x86_64-debian-clang, r-devel-linux-x86_64-debian-gcc, r-devel-linux-x86_64-fedora-clang, r-devel-linux-x86_64-fedora-gcc, r-devel-windows-x86_64