CRAN Package Check Results for Package rwhatsapp

Last updated on 2020-07-03 21:49:06 CEST.

Flavor Version Tinstall Tcheck Ttotal Status Flags
r-devel-linux-x86_64-debian-clang 0.2.2 3.00 34.82 37.82 OK
r-devel-linux-x86_64-debian-gcc 0.2.2 2.52 27.71 30.23 OK
r-devel-linux-x86_64-fedora-clang 0.2.2 55.23 NOTE
r-devel-linux-x86_64-fedora-gcc 0.2.2 45.04 NOTE
r-devel-windows-ix86+x86_64 0.2.2 15.00 46.00 61.00 OK
r-patched-linux-x86_64 0.2.2 2.75 35.27 38.02 OK
r-patched-solaris-x86 0.2.2 75.90 NOTE
r-release-linux-x86_64 0.2.2 2.95 34.41 37.36 OK
r-release-osx-x86_64 0.2.2 NOTE
r-release-windows-ix86+x86_64 0.2.2 8.00 49.00 57.00 OK
r-oldrel-osx-x86_64 0.2.2 NOTE
r-oldrel-windows-ix86+x86_64 0.2.2 33.00 60.00 93.00 OK

Check Details

Version: 0.2.2
Check: data for non-ASCII characters
Result: NOTE
     Note: found 3619 marked UTF-8 strings
Flavors: r-devel-linux-x86_64-fedora-clang, r-devel-linux-x86_64-fedora-gcc, r-patched-solaris-x86, r-release-osx-x86_64, r-oldrel-osx-x86_64