CRAN Package Check Results for Package rwhatsapp

Last updated on 2019-12-16 09:51:29 CET.

Flavor Version Tinstall Tcheck Ttotal Status Flags
r-devel-linux-x86_64-debian-clang 0.2.0 9.11 75.46 84.57 OK
r-devel-linux-x86_64-debian-gcc 0.2.0 7.32 60.25 67.57 OK
r-devel-linux-x86_64-fedora-clang 0.2.0 100.88 NOTE
r-devel-linux-x86_64-fedora-gcc 0.2.0 103.09 NOTE
r-devel-windows-ix86+x86_64 0.2.0 15.00 106.00 121.00 OK
r-devel-windows-ix86+x86_64-gcc8 0.2.0 19.00 115.00 134.00 OK
r-patched-linux-x86_64 0.2.0 8.63 67.25 75.88 OK
r-patched-solaris-x86 0.2.0 152.40 NOTE
r-release-linux-x86_64 0.2.0 7.92 66.75 74.67 OK
r-release-windows-ix86+x86_64 0.2.0 16.00 81.00 97.00 OK
r-release-osx-x86_64 0.2.0 NOTE
r-oldrel-windows-ix86+x86_64 0.2.0 9.00 101.00 110.00 OK
r-oldrel-osx-x86_64 0.2.0 NOTE

Check Details

Version: 0.2.0
Check: data for non-ASCII characters
Result: NOTE
     Note: found 3619 marked UTF-8 strings
Flavors: r-devel-linux-x86_64-fedora-clang, r-devel-linux-x86_64-fedora-gcc, r-patched-solaris-x86, r-release-osx-x86_64, r-oldrel-osx-x86_64