Last updated on 2025-01-21 02:48:33 CET.
Flavor | Version | Tinstall | Tcheck | Ttotal | Status | Flags |
---|---|---|---|---|---|---|
r-devel-linux-x86_64-debian-clang | 1.0.2 | 7.48 | 128.84 | 136.32 | OK | |
r-devel-linux-x86_64-debian-gcc | 1.0.2 | 5.32 | 88.90 | 94.22 | OK | |
r-devel-linux-x86_64-fedora-clang | 1.0.2 | 211.85 | OK | |||
r-devel-linux-x86_64-fedora-gcc | 1.0.2 | 224.88 | OK | |||
r-devel-windows-x86_64 | 1.0.2 | 10.00 | 150.00 | 160.00 | OK | |
r-patched-linux-x86_64 | 1.0.2 | 8.22 | 120.48 | 128.70 | OK | |
r-release-linux-x86_64 | 1.0.2 | 8.08 | 119.93 | 128.01 | OK | |
r-release-macos-arm64 | 1.0.2 | 97.00 | OK | |||
r-release-macos-x86_64 | 1.0.2 | 174.00 | OK | |||
r-release-windows-x86_64 | 1.0.2 | 10.00 | 143.00 | 153.00 | OK | |
r-oldrel-macos-arm64 | 1.0.2 | 120.00 | NOTE | |||
r-oldrel-macos-x86_64 | 1.0.2 | 166.00 | OK | |||
r-oldrel-windows-x86_64 | 1.0.2 | 12.00 | 171.00 | 183.00 | OK |
Version: 1.0.2
Check: package dependencies
Result: NOTE
Packages suggested but not available for checking:
'BiocPkgTools', 'biocViews'
Flavor: r-oldrel-macos-arm64
Version: 1.0.2
Check: Rd cross-references
Result: NOTE
Packages unavailable to check Rd xrefs: ‘BiocPkgTools’, ‘biocViews’
Flavor: r-oldrel-macos-arm64