CRAN Package Check Results for Package rworldxtra

Last updated on 2020-04-02 11:48:19 CEST.

Flavor Version Tinstall Tcheck Ttotal Status Flags
r-devel-linux-x86_64-debian-clang 1.01 2.65 20.11 22.76 NOTE
r-devel-linux-x86_64-debian-gcc 1.01 1.92 16.25 18.17 NOTE
r-devel-linux-x86_64-fedora-clang 1.01 27.40 NOTE
r-devel-linux-x86_64-fedora-gcc 1.01 27.84 NOTE
r-devel-windows-ix86+x86_64 1.01 6.00 32.00 38.00 NOTE
r-devel-windows-ix86+x86_64-gcc8 1.01 6.00 32.00 38.00 NOTE
r-patched-linux-x86_64 1.01 2.35 19.59 21.94 NOTE
r-patched-solaris-x86 1.01 44.00 NOTE
r-release-linux-x86_64 1.01 1.65 18.25 19.90 NOTE
r-release-windows-ix86+x86_64 1.01 5.00 38.00 43.00 NOTE
r-release-osx-x86_64 1.01 NOTE
r-oldrel-windows-ix86+x86_64 1.01 5.00 29.00 34.00 NOTE
r-oldrel-osx-x86_64 1.01 NOTE

Check Details

Version: 1.01
Check: DESCRIPTION meta-information
Result: NOTE
    Malformed Title field: should not end in a period.
Flavors: r-devel-linux-x86_64-debian-clang, r-devel-linux-x86_64-debian-gcc, r-devel-linux-x86_64-fedora-clang, r-devel-linux-x86_64-fedora-gcc, r-devel-windows-ix86+x86_64, r-devel-windows-ix86+x86_64-gcc8, r-patched-linux-x86_64, r-patched-solaris-x86, r-release-linux-x86_64, r-release-windows-ix86+x86_64, r-release-osx-x86_64, r-oldrel-windows-ix86+x86_64, r-oldrel-osx-x86_64

Version: 1.01
Check: installed package size
Result: NOTE
     installed size is 5.1Mb
     sub-directories of 1Mb or more:
     data 5.0Mb
Flavors: r-devel-linux-x86_64-fedora-clang, r-devel-windows-ix86+x86_64, r-devel-windows-ix86+x86_64-gcc8, r-patched-solaris-x86, r-release-windows-ix86+x86_64, r-release-osx-x86_64, r-oldrel-windows-ix86+x86_64, r-oldrel-osx-x86_64