CRAN Package Check Results for Package ryandexdirect

Last updated on 2023-02-01 17:50:10 CET.

Flavor Version Tinstall Tcheck Ttotal Status Flags
r-devel-linux-x86_64-debian-clang 3.6.0 9.45 77.77 87.22 OK
r-devel-linux-x86_64-debian-gcc 3.6.0 7.86 57.48 65.34 OK
r-devel-linux-x86_64-fedora-clang 3.6.0 121.31 NOTE
r-devel-linux-x86_64-fedora-gcc 3.6.0 123.31 OK
r-devel-windows-x86_64 3.6.0 95.00 118.00 213.00 OK
r-patched-linux-x86_64 3.6.0 10.89 73.05 83.94 OK
r-release-linux-x86_64 3.6.0 9.81 75.88 85.69 OK
r-release-macos-arm64 3.6.0 57.00 OK
r-release-macos-x86_64 3.6.0 88.00 OK
r-release-windows-x86_64 3.6.0 38.00 131.00 169.00 OK
r-oldrel-macos-arm64 3.6.0 39.00 OK
r-oldrel-macos-x86_64 3.6.0 55.00 OK
r-oldrel-windows-ix86+x86_64 3.6.0 21.00 104.00 125.00 OK

Check Details

Version: 3.6.0
Check: Rd cross-references
Result: NOTE
    Undeclared package ‘rym’ in Rd xrefs
Flavor: r-devel-linux-x86_64-fedora-clang