CRAN Package Check Results for Package rym

Last updated on 2019-04-23 01:57:32 CEST.

Flavor Version Tinstall Tcheck Ttotal Status Flags
r-devel-linux-x86_64-debian-clang 0.5.2 2.04 27.86 29.90 OK
r-devel-linux-x86_64-debian-gcc 0.5.2 1.83 23.09 24.92 OK
r-devel-linux-x86_64-fedora-clang 0.5.2 36.50 OK
r-devel-linux-x86_64-fedora-gcc 0.5.2 34.97 OK
r-devel-windows-ix86+x86_64 0.5.2 7.00 38.00 45.00 OK
r-patched-linux-x86_64 0.5.2 2.14 28.15 30.29 OK
r-patched-solaris-x86 0.5.2 54.00 OK
r-release-linux-x86_64 0.5.2 1.16 23.86 25.02 OK
r-release-windows-ix86+x86_64 0.5.2 3.00 49.00 52.00 OK
r-release-osx-x86_64 0.5.2 OK
r-oldrel-osx-x86_64 0.5.2 ERROR

Check Details

Version: 0.5.2
Check: whether package can be installed
Result: ERROR
    Installation failed.
Flavor: r-oldrel-osx-x86_64