CRAN Package Check Results for Package rytstat

Last updated on 2022-09-30 00:49:27 CEST.

Flavor Version Tinstall Tcheck Ttotal Status Flags
r-devel-linux-x86_64-debian-clang 0.3.0 7.29 57.27 64.56 OK
r-devel-linux-x86_64-debian-gcc 0.3.0 5.18 42.04 47.22 OK
r-devel-linux-x86_64-fedora-clang 0.3.0 91.75 NOTE
r-devel-linux-x86_64-fedora-gcc 0.3.0 83.77 OK
r-devel-windows-x86_64 0.3.0 20.00 85.00 105.00 OK
r-patched-linux-x86_64 0.3.0 6.09 52.20 58.29 OK
r-release-linux-x86_64 0.3.0 4.12 52.81 56.93 OK
r-release-macos-arm64 0.3.0 26.00 OK
r-release-macos-x86_64 0.3.0 34.00 OK
r-release-windows-x86_64 0.3.0 19.00 76.00 95.00 OK
r-oldrel-macos-arm64 0.3.0 25.00 OK
r-oldrel-macos-x86_64 0.3.0 37.00 OK
r-oldrel-windows-ix86+x86_64 0.3.0 16.00 77.00 93.00 OK

Check Details

Version: 0.3.0
Check: Rd cross-references
Result: NOTE
    Undeclared package ‘jsonlite’ in Rd xrefs
Flavor: r-devel-linux-x86_64-fedora-clang