CRAN Package Check Results for Package rzentra

Last updated on 2021-05-05 22:51:49 CEST.

Flavor Version Tinstall Tcheck Ttotal Status Flags
r-devel-linux-x86_64-debian-clang 0.1.0 6.51 56.54 63.05 NOTE
r-devel-linux-x86_64-debian-gcc 0.1.0 4.85 42.93 47.78 NOTE
r-devel-linux-x86_64-fedora-clang 0.1.0 83.52 NOTE
r-devel-linux-x86_64-fedora-gcc 0.1.0 74.66 NOTE
r-devel-windows-ix86+x86_64 0.1.0 18.00 77.00 95.00 NOTE
r-devel-windows-x86_64-gcc10-UCRT 0.1.0 NOTE
r-patched-linux-x86_64 0.1.0 6.10 53.90 60.00 NOTE
r-patched-solaris-x86 0.1.0 104.00 OK
r-release-linux-x86_64 0.1.0 6.42 53.26 59.68 OK
r-release-macos-x86_64 0.1.0 OK
r-release-windows-ix86+x86_64 0.1.0 10.00 63.00 73.00 OK
r-oldrel-macos-x86_64 0.1.0 OK
r-oldrel-windows-ix86+x86_64 0.1.0 13.00 81.00 94.00 OK

Check Details

Version: 0.1.0
Check: LazyData
Result: NOTE
     'LazyData' is specified without a 'data' directory
Flavors: r-devel-linux-x86_64-debian-clang, r-devel-linux-x86_64-debian-gcc, r-devel-linux-x86_64-fedora-clang, r-devel-linux-x86_64-fedora-gcc, r-devel-windows-ix86+x86_64, r-devel-windows-x86_64-gcc10-UCRT, r-patched-linux-x86_64