CRAN Package Check Results for Package rzmq

Last updated on 2024-07-13 14:48:30 CEST.

Flavor Version Tinstall Tcheck Ttotal Status Flags
r-devel-linux-x86_64-debian-clang 0.9.13 4.87 23.52 28.39 OK
r-devel-linux-x86_64-debian-gcc 0.9.13 4.53 18.03 22.56 OK
r-devel-linux-x86_64-fedora-clang 0.9.13 40.27 OK
r-devel-linux-x86_64-fedora-gcc 0.9.13 38.71 OK
r-devel-windows-x86_64 0.9.13 10.00 71.00 81.00 OK
r-patched-linux-x86_64 0.9.13 6.10 21.94 28.04 OK
r-release-linux-x86_64 0.9.13 4.63 22.37 27.00 OK
r-release-macos-arm64 0.9.13 20.00 NOTE
r-release-macos-x86_64 0.9.13 32.00 NOTE
r-release-windows-x86_64 0.9.13 9.00 68.00 77.00 OK
r-oldrel-macos-arm64 0.9.13 24.00 NOTE
r-oldrel-macos-x86_64 0.9.13 40.00 NOTE
r-oldrel-windows-x86_64 0.9.13 14.00 69.00 83.00 OK

Check Details

Version: 0.9.13
Check: installed package size
Result: NOTE installed size is 11.2Mb sub-directories of 1Mb or more: libs 11.1Mb Flavors: r-release-macos-arm64, r-release-macos-x86_64, r-oldrel-macos-arm64, r-oldrel-macos-x86_64