CRAN Package Check Results for Package sClust

Last updated on 2024-03-01 15:51:51 CET.

Flavor Version Tinstall Tcheck Ttotal Status Flags
r-devel-linux-x86_64-debian-clang 1.0 3.34 42.66 46.00 NOTE
r-devel-linux-x86_64-debian-gcc 1.0 2.28 31.84 34.12 NOTE
r-devel-linux-x86_64-fedora-clang 1.0 56.51 NOTE
r-devel-linux-x86_64-fedora-gcc 1.0 56.94 NOTE
r-devel-windows-x86_64 1.0 3.00 63.00 66.00 OK
r-patched-linux-x86_64 1.0 2.93 42.84 45.77 OK
r-release-linux-x86_64 1.0 3.14 42.69 45.83 OK
r-release-macos-arm64 1.0 25.00 OK
r-release-macos-x86_64 1.0 37.00 OK
r-release-windows-x86_64 1.0 5.00 65.00 70.00 OK
r-oldrel-macos-arm64 1.0 23.00 OK
r-oldrel-windows-x86_64 1.0 4.00 66.00 70.00 OK

Check Details

Version: 1.0
Check: Rd files
Result: NOTE checkRd: (-1) HierarchicalClust.Rd:32: Lost braces in \itemize; \value handles \item{}{} directly checkRd: (-1) HierarchicalSC.Rd:29: Lost braces in \itemize; \value handles \item{}{} directly checkRd: (-1) HierarchicalSC.Rd:30: Lost braces in \itemize; \value handles \item{}{} directly checkRd: (-1) HierarchicalSC.Rd:31: Lost braces in \itemize; \value handles \item{}{} directly checkRd: (-1) MSC.Rd:47: Lost braces in \itemize; \value handles \item{}{} directly checkRd: (-1) MSC.Rd:48: Lost braces in \itemize; \value handles \item{}{} directly checkRd: (-1) MSC.Rd:49: Lost braces in \itemize; \value handles \item{}{} directly checkRd: (-1) PeronaFreemanSC.Rd:19: Lost braces in \itemize; \value handles \item{}{} directly checkRd: (-1) PeronaFreemanSC.Rd:20: Lost braces in \itemize; \value handles \item{}{} directly checkRd: (-1) PeronaFreemanSC.Rd:21: Lost braces in \itemize; \value handles \item{}{} directly checkRd: (-1) ShiMalikSC.Rd:19: Lost braces in \itemize; \value handles \item{}{} directly checkRd: (-1) ShiMalikSC.Rd:20: Lost braces in \itemize; \value handles \item{}{} directly checkRd: (-1) ShiMalikSC.Rd:21: Lost braces in \itemize; \value handles \item{}{} directly checkRd: (-1) UnormalizedSC.Rd:21: Lost braces in \itemize; \value handles \item{}{} directly checkRd: (-1) UnormalizedSC.Rd:22: Lost braces in \itemize; \value handles \item{}{} directly checkRd: (-1) UnormalizedSC.Rd:23: Lost braces in \itemize; \value handles \item{}{} directly checkRd: (-1) VonLuxburgSC.Rd:21: Lost braces in \itemize; \value handles \item{}{} directly checkRd: (-1) VonLuxburgSC.Rd:22: Lost braces in \itemize; \value handles \item{}{} directly checkRd: (-1) VonLuxburgSC.Rd:23: Lost braces in \itemize; \value handles \item{}{} directly checkRd: (-1) compute.laplacian.NJW.Rd:17: Lost braces in \itemize; \value handles \item{}{} directly checkRd: (-1) compute.laplacian.NJW.Rd:18: Lost braces in \itemize; \value handles \item{}{} directly checkRd: (-1) compute.laplacian.NJW.Rd:19: Lost braces in \itemize; \value handles \item{}{} directly checkRd: (-1) fastClustering.Rd:35: Lost braces in \itemize; \value handles \item{}{} directly checkRd: (-1) fastClustering.Rd:36: Lost braces in \itemize; \value handles \item{}{} directly checkRd: (-1) fastClustering.Rd:37: Lost braces in \itemize; \value handles \item{}{} directly checkRd: (-1) fastClustering.Rd:38: Lost braces in \itemize; \value handles \item{}{} directly checkRd: (-1) fastClustering.Rd:39: Lost braces in \itemize; \value handles \item{}{} directly checkRd: (-1) recursClust.Rd:53: Lost braces in \itemize; \value handles \item{}{} directly checkRd: (-1) recursClust.Rd:54: Lost braces in \itemize; \value handles \item{}{} directly checkRd: (-1) recursClust.Rd:55: Lost braces in \itemize; \value handles \item{}{} directly checkRd: (-1) spectralPAM.Rd:21: Lost braces in \itemize; \value handles \item{}{} directly checkRd: (-1) spectralPAM.Rd:22: Lost braces in \itemize; \value handles \item{}{} directly checkRd: (-1) spectralPAM.Rd:23: Lost braces in \itemize; \value handles \item{}{} directly Flavors: r-devel-linux-x86_64-debian-clang, r-devel-linux-x86_64-debian-gcc, r-devel-linux-x86_64-fedora-clang, r-devel-linux-x86_64-fedora-gcc