CRAN Package Check Results for Package sFFLHD

Last updated on 2020-11-27 00:09:07 CET.

Flavor Version Tinstall Tcheck Ttotal Status Flags
r-devel-linux-x86_64-debian-clang 0.1.2 6.66 70.20 76.86 OK
r-devel-linux-x86_64-debian-gcc 0.1.2 5.04 51.43 56.47 OK
r-devel-linux-x86_64-fedora-clang 0.1.2 89.98 NOTE
r-devel-linux-x86_64-fedora-gcc 0.1.2 80.76 NOTE
r-devel-windows-ix86+x86_64 0.1.2 14.00 88.00 102.00 OK
r-patched-linux-x86_64 0.1.2 5.61 69.07 74.68 OK
r-patched-solaris-x86 0.1.2 117.30 NOTE
r-release-linux-x86_64 0.1.2 7.07 68.32 75.39 OK
r-release-macos-x86_64 0.1.2 NOTE
r-release-windows-ix86+x86_64 0.1.2 14.00 68.00 82.00 OK
r-oldrel-macos-x86_64 0.1.2 NOTE
r-oldrel-windows-ix86+x86_64 0.1.2 9.00 83.00 92.00 OK

Check Details

Version: 0.1.2
Check: dependencies in R code
Result: NOTE
    Namespace in Imports field not imported from: ‘R6’
     All declared Imports should be used.
Flavors: r-devel-linux-x86_64-fedora-clang, r-devel-linux-x86_64-fedora-gcc, r-patched-solaris-x86, r-release-macos-x86_64, r-oldrel-macos-x86_64