CRAN Package Check Results for Package sRdpData

Last updated on 2022-09-29 02:49:53 CEST.

Flavor Version Tinstall Tcheck Ttotal Status Flags
r-devel-linux-x86_64-debian-clang 0.1.0 3.17 33.97 37.14 OK
r-devel-linux-x86_64-debian-gcc 0.1.0 2.11 25.98 28.09 OK
r-devel-linux-x86_64-fedora-clang 0.1.0 57.33 NOTE
r-devel-linux-x86_64-fedora-gcc 0.1.0 55.59 NOTE
r-devel-windows-x86_64 0.1.0 13.00 62.00 75.00 OK
r-patched-linux-x86_64 0.1.0 2.67 32.69 35.36 OK
r-release-linux-x86_64 0.1.0 3.17 31.88 35.05 OK
r-release-macos-arm64 0.1.0 21.00 NOTE
r-release-macos-x86_64 0.1.0 34.00 NOTE
r-release-windows-x86_64 0.1.0 12.00 59.00 71.00 OK
r-oldrel-macos-arm64 0.1.0 17.00 NOTE
r-oldrel-macos-x86_64 0.1.0 26.00 NOTE
r-oldrel-windows-ix86+x86_64 0.1.0 7.00 54.00 61.00 OK

Check Details

Version: 0.1.0
Check: data for non-ASCII characters
Result: NOTE
     Note: found 35 marked UTF-8 strings
Flavors: r-devel-linux-x86_64-fedora-clang, r-devel-linux-x86_64-fedora-gcc, r-release-macos-arm64, r-release-macos-x86_64, r-oldrel-macos-arm64, r-oldrel-macos-x86_64