Last updated on 2023-12-09 04:51:08 CET.
Flavor | Version | Tinstall | Tcheck | Ttotal | Status | Flags |
---|---|---|---|---|---|---|
r-devel-linux-x86_64-debian-clang | 1.2.0 | 7.66 | 63.58 | 71.24 | NOTE | |
r-devel-linux-x86_64-debian-gcc | 1.2.0 | 6.18 | 48.80 | 54.98 | NOTE | |
r-devel-linux-x86_64-fedora-clang | 1.2.0 | 87.53 | NOTE | |||
r-devel-linux-x86_64-fedora-gcc | 1.2.0 | 84.01 | NOTE | |||
r-devel-windows-x86_64 | 1.2.0 | 7.00 | 65.00 | 72.00 | NOTE | |
r-patched-linux-x86_64 | 1.2.0 | 5.83 | 62.80 | 68.63 | NOTE | |
r-release-linux-x86_64 | 1.2.0 | 8.54 | 61.78 | 70.32 | NOTE | |
r-release-macos-arm64 | 1.2.0 | 31.00 | NOTE | |||
r-release-macos-x86_64 | 1.2.0 | 48.00 | NOTE | |||
r-release-windows-x86_64 | 1.2.0 | 9.00 | 73.00 | 82.00 | NOTE | |
r-oldrel-macos-arm64 | 1.2.0 | 27.00 | NOTE | |||
r-oldrel-macos-x86_64 | 1.2.0 | 40.00 | NOTE | |||
r-oldrel-windows-x86_64 | 1.2.0 | 10.00 | 78.00 | 88.00 | NOTE |
Version: 1.2.0
Check: LazyData
Result: NOTE
'LazyData' is specified without a 'data' directory
Flavors: r-devel-linux-x86_64-debian-clang, r-devel-linux-x86_64-debian-gcc, r-devel-linux-x86_64-fedora-clang, r-devel-linux-x86_64-fedora-gcc, r-devel-windows-x86_64, r-patched-linux-x86_64, r-release-linux-x86_64, r-release-macos-arm64, r-release-macos-x86_64, r-release-windows-x86_64, r-oldrel-macos-arm64, r-oldrel-macos-x86_64, r-oldrel-windows-x86_64