CRAN Package Check Results for Package saeHB

Last updated on 2022-11-26 16:49:41 CET.

Flavor Version Tinstall Tcheck Ttotal Status Flags
r-devel-linux-x86_64-debian-clang 0.2.1 7.35 53.38 60.73 OK
r-devel-linux-x86_64-debian-gcc 0.2.1 6.62 40.06 46.68 OK
r-devel-linux-x86_64-fedora-clang 0.2.1 86.51 NOTE
r-devel-linux-x86_64-fedora-gcc 0.2.1 83.98 NOTE
r-devel-windows-x86_64 0.2.1 18.00 86.00 104.00 OK
r-patched-linux-x86_64 0.2.1 OK
r-release-linux-x86_64 0.2.1 5.99 51.53 57.52 OK
r-release-macos-arm64 0.2.1 25.00 NOTE
r-release-macos-x86_64 0.2.1 35.00 NOTE
r-release-windows-x86_64 0.2.1 18.00 80.00 98.00 OK
r-oldrel-macos-arm64 0.2.1 29.00 NOTE
r-oldrel-macos-x86_64 0.2.1 37.00 NOTE
r-oldrel-windows-ix86+x86_64 0.2.1 15.00 73.00 88.00 OK

Check Details

Version: 0.2.1
Check: dependencies in R code
Result: NOTE
    Namespaces in Imports field not imported from:
     ‘CARBayesdata’ ‘MASS’ ‘nimble’
     All declared Imports should be used.
Flavors: r-devel-linux-x86_64-fedora-clang, r-devel-linux-x86_64-fedora-gcc, r-release-macos-arm64, r-release-macos-x86_64, r-oldrel-macos-arm64, r-oldrel-macos-x86_64