Last updated on 2022-06-29 15:50:04 CEST.
Flavor | Version | Tinstall | Tcheck | Ttotal | Status | Flags |
---|---|---|---|---|---|---|
r-devel-linux-x86_64-debian-clang | 0.1.1 | 3.36 | 67.79 | 71.15 | OK | |
r-devel-linux-x86_64-debian-gcc | 0.1.1 | 2.86 | 51.79 | 54.65 | OK | |
r-devel-linux-x86_64-fedora-clang | 0.1.1 | 95.17 | OK | |||
r-devel-linux-x86_64-fedora-gcc | 0.1.1 | 90.99 | OK | |||
r-devel-windows-x86_64 | 0.1.1 | 25.00 | 90.00 | 115.00 | OK | |
r-patched-linux-x86_64 | 0.1.1 | 2.99 | 64.57 | 67.56 | OK | |
r-release-linux-x86_64 | 0.1.1 | 3.48 | 63.32 | 66.80 | OK | |
r-release-macos-arm64 | 0.1.1 | 27.00 | OK | |||
r-release-macos-x86_64 | 0.1.1 | 43.00 | NOTE | |||
r-release-windows-x86_64 | 0.1.1 | 28.00 | 88.00 | 116.00 | OK | |
r-oldrel-macos-arm64 | 0.1.1 | 27.00 | OK | |||
r-oldrel-macos-x86_64 | 0.1.1 | 43.00 | OK | |||
r-oldrel-windows-ix86+x86_64 | 0.1.1 | 7.00 | 77.00 | 84.00 | OK |
Version: 0.1.1
Check: package dependencies
Result: NOTE
Package suggested but not available for checking: ‘saeHB’
Flavor: r-release-macos-x86_64